{"id":1099,"date":"2023-07-08T11:49:43","date_gmt":"2023-07-08T09:49:43","guid":{"rendered":"https:\/\/rene-gaston-lagorre.fr\/?page_id=1099"},"modified":"2023-08-26T12:04:31","modified_gmt":"2023-08-26T10:04:31","slug":"fleurs-reelles-et-fleurs-imaginaires","status":"publish","type":"page","link":"https:\/\/rene-gaston-lagorre.fr\/index.php\/fleurs-reelles-et-fleurs-imaginaires\/","title":{"rendered":"Fleurs r\u00e9elles et fleurs imaginaires"},"content":{"rendered":"<p>[vc_row][vc_column][vc_column_text]<\/p>\r\n<p class=\"has-medium-font-size\"><strong><em>Fleurs r\u00e9elles<\/em><\/strong><\/p>\r\n\r\n<p>En 1974-1975, l\u2019artiste rend hommage \u00e0 la beaut\u00e9 de la nature en peignant des fleurs\u00a0. Parmi les fleurs cultiv\u00e9es, s\u00e9duit sans doute par la puret\u00e9 de sa couleur et par sa forme \u00e9lanc\u00e9e qui semble le faire jaillir du sol, le peintre affirme une nette pr\u00e9dilection pour la repr\u00e9sentation des arums qu\u2019ils soient blancs ou roses. Mais Lagorre peint aussi des fleurs champ\u00eatres. Des tournesols &#8211; comme un hommage \u00e0 Van Gogh-, des bleuets\u00a0ou des coquelicots et ces chardons bleu-violac\u00e9 que l\u2019on peut voir sur les versants de nos montagnes .<\/p>\r\n\r\n<p>Parfois, le peintre place la fleur au tout premier plan du tableau. Il la fait s\u2019\u00e9lancer sur la toile avec gr\u00e2ce et \u00e9l\u00e9gance quand, derri\u00e8re elle, par la fen\u00eatre ouverte se dessine un minaret, une \u00e9glise de village ou la cath\u00e9drale Notre-Dame, Ainsi sur cette toile, tels des oiseaux de feux (oiseaux de paradis) qui semblent vouloir s\u2019envoler par la fen\u00eatre, peint-il des \u00ab\u00a0<em>strelitzias\u00a0<\/em>\u00bb dont le nom reste inscrit au dos de la toile, cette fleur tropicale observ\u00e9e maintes fois sur le pourtour du bassin m\u00e9diterran\u00e9en et plus commun\u00e9ment appel\u00e9e \u00ab\u00a0oiseau de paradis\u00a0\u00bb\u2026<\/p>\r\n\r\n<p>Parmi ces bouquets dont nous livrons ici quelques repr\u00e9sentations, il en est un tout \u00e0 fait exceptionnel\u00a0et ce, \u00e0 plusieurs titres !<\/p>\r\n\r\n<p>Ex\u00e9cut\u00e9 en 1943, alors que le peintre avait tout juste 30 ans, il est sans doute sa toute premi\u00e8re repr\u00e9sentation en peinture d\u2019un bouquet de fleurs.<\/p>\r\n\r\n<p>Le tableau que nous nommerons \u00ab <em>Bouquet \u00e0 la mandoline<\/em>\u00a0\u00bb,\u00a0 bien compos\u00e9, parfaitement \u00e9quilibr\u00e9, d\u00e9voile un style encore tr\u00e8s acad\u00e9mique ne serait-ce que par le choix de sa th\u00e9matique oblig\u00e9e pour l\u2019\u00e9poque, un r\u00e9el exercice de style\u00a0! On y per\u00e7oit clairement l\u2019influence tr\u00e8s d\u00e9corative des Nabis mais aussi la volont\u00e9 qu\u2019a le peintre de mettre les arts en correspondance. Ici la musique (la mandoline) c\u00f4toie \u00e0 la fois la peinture (le tableau lui m\u00eame et ses \u00e9clats de couleurs) et la po\u00e9sie (celle qui \u00e9mane du bouquet de fleurs).<\/p>\r\n\r\n<p>Quand on retourne ce tableau on \u00e9prouve une autre surprise, assez \u00e9mouvante elle aussi puisqu&#8217; on peut lire au dos de la toile cette inscription\u00a0: \u00ab\u00a0<em><strong>Au profit des prisonniers de guerre et d\u00e9port\u00e9s\u00a0<\/strong><\/em>\u00bb.<\/p>\r\n\r\n<p>Cette toile a une histoire\u00a0: du dire m\u00eame de sa propri\u00e9taire, elle a \u00e9t\u00e9 \u00ab\u00a0gagn\u00e9e\u00a0\u00bb par sa grand-m\u00e8re lors d\u2019 une tombola \u00e0 laquelle cette-ci participait &#8230; Depuis, la toile, maladroitement sign\u00e9e et dat\u00e9e par un peintre encore jeune, est soigneusement conserv\u00e9e et reste accroch\u00e9e au mur de la maison familiale.<\/p>\r\n\r\n<p>&nbsp;<\/p>\r\n\r\n<p class=\"has-medium-font-size\"><em><strong>Fleurs imaginaires<\/strong><\/em><\/p>\r\n\r\n<p>En 1997, Lagorre d\u00e9cide de laisser libre cours \u00e0 son imagination en peignant des fleurs aux formes r\u00eav\u00e9es, souvent sinueuses, elles s&#8217;entrelacent et laissent \u00e9clater leurs couleurs, ce sera les &#8220;Bouquets dans le Z&#8221; qui valent au peintre cette belle introduction de Robert Marteau \u00e0 l&#8217;exposition de 1997 qui se tiendra \u00e0 Paris, \u00e0 la Galerie Weiller :<\/p>\r\n\r\n<p>\u00ab<em>\u00a0La plus \u00e9ph\u00e9m\u00e8re des manifestations du v\u00e9g\u00e9tal, la fleur, est en m\u00eame temps et le lieu de l\u2019amour perp\u00e9tu\u00e9 et celui de l\u2019\u00e9ternit\u00e9. Des t\u00e9n\u00e8bres de la putr\u00e9faction elle se hisse par l\u2019\u00e9chelle de la plante aux extr\u00e9mit\u00e9s les plus favoris\u00e9es par la lumi\u00e8re. Offrande de la terre au ciel, ligation entre l\u2019une et l\u2019autre, elle est depuis l\u2019origine le mod\u00e8le du temps. Les fleurs qu\u2019il arrange en bouquets, Ren\u00e9 Lagorre les laisse venir en lui et les voit par la main en l\u2019\u00e2me \u00e9clore.<\/em><\/p>\r\n\r\n<p><em>Absolument converties ou m\u00e9tamorphos\u00e9es en peinture, elles vivent d\u00e8s lors du regard qui les contemple.\u00a0<\/em>\u00bb<\/p>\r\n\r\n<p>Robert MARTEAU, F\u00e9vrier 1997.<\/p>\r\n<p>[\/vc_column_text][\/vc_column][\/vc_row][vc_row][vc_column][vc_empty_space]<div class=\"edgt-portfolio-list-holder edgt-pl-gallery edgt-pl-normal-space edgt-pl-three-columns edgt-pl-standard-overlay light    edgt-pl-pag-no-pagination     \"  data-type=gallery data-space-between-items=normal data-number-of-items=-1 data-image-proportions=full data-enable-fixed-proportions=no data-enable-image-shadow=no data-category=fleurs data-order-by=date data-order=ASC data-item-style=standard-overlay data-item-style-skin=light data-enable-title=yes data-title-tag=h4 data-title-text-transform=uppercase data-enable-category=yes data-enable-like=no data-enable-count-images=yes data-enable-excerpt=no data-excerpt-length=20 data-pagination-type=no-pagination data-filter=no data-filter-order-by=name data-enable-article-parallax-animation=no data-portfolio-slider-on=no data-enable-loop=yes data-enable-autoplay=yes data-slider-speed=5000 data-slider-speed-animation=600 data-enable-navigation=yes data-enable-pagination=yes data-max-num-pages=0 data-next-page=2>\n\t\t\n\t<div class=\"edgt-pl-inner  clearfix\">\n\t\t\n<article class=\"edgt-pl-item  post-14494 portfolio-item type-portfolio-item status-publish has-post-thumbnail hentry portfolio-category-fleurs\">\n\t<div class=\"edgt-pl-item-inner\" >\n\t\t<div class=\"edgt-pli-image\">\n\t\t\t<img width=\"1917\" height=\"2560\" src=\"https:\/\/rene-gaston-lagorre.fr\/wp-content\/uploads\/2023\/07\/23a.Bouquet-de-fleurs-Gouache.1979Coll.-Cazal-scaled.jpg\" class=\"attachment-full size-full wp-post-image\" alt=\"Bouquet.\" decoding=\"async\" loading=\"lazy\" srcset=\"https:\/\/rene-gaston-lagorre.fr\/wp-content\/uploads\/2023\/07\/23a.Bouquet-de-fleurs-Gouache.1979Coll.-Cazal-scaled.jpg 1917w, https:\/\/rene-gaston-lagorre.fr\/wp-content\/uploads\/2023\/07\/23a.Bouquet-de-fleurs-Gouache.1979Coll.-Cazal-scaled-600x801.jpg 600w, https:\/\/rene-gaston-lagorre.fr\/wp-content\/uploads\/2023\/07\/23a.Bouquet-de-fleurs-Gouache.1979Coll.-Cazal-225x300.jpg 225w, https:\/\/rene-gaston-lagorre.fr\/wp-content\/uploads\/2023\/07\/23a.Bouquet-de-fleurs-Gouache.1979Coll.-Cazal-767x1024.jpg 767w, https:\/\/rene-gaston-lagorre.fr\/wp-content\/uploads\/2023\/07\/23a.Bouquet-de-fleurs-Gouache.1979Coll.-Cazal-768x1026.jpg 768w, https:\/\/rene-gaston-lagorre.fr\/wp-content\/uploads\/2023\/07\/23a.Bouquet-de-fleurs-Gouache.1979Coll.-Cazal-1150x1536.jpg 1150w, https:\/\/rene-gaston-lagorre.fr\/wp-content\/uploads\/2023\/07\/23a.Bouquet-de-fleurs-Gouache.1979Coll.-Cazal-1533x2048.jpg 1533w\" sizes=\"(max-width: 1917px) 100vw, 1917px\" \/>\t\t<\/div>\n<div class=\"edgt-pli-text-holder\">\n\t<div class=\"edgt-pli-text-wrapper\">\n\t\t<div class=\"edgt-pli-text\">\n\t\t\t\t<h4 itemprop=\"name\" class=\"edgt-pli-title entry-title\" style=\"text-transform: uppercase\">\n\t\tFleurs r\u00e9elles et fleurs imaginaires\t<\/h4>\n\n\t\t\t\t\t<div class=\"edgt-pli-category-holder\">\n\t\t\t\t\t\t\t<a itemprop=\"url\" class=\"edgt-pli-category\" href=\"https:\/\/rene-gaston-lagorre.fr\/index.php\/portfolio-category\/fleurs\/\">\"Fleurs\"<\/a>\n\t\t\t\t\t<\/div>\n\t\n\t\t\t    <div class=\"edgt-gli-number-of-images-holder\" >\n        <span>54 pics.<\/span>\n    <\/div>\n\n\n\t\t\t\t\t<\/div>\n\t<\/div>\n<\/div>\t\t\n\t\t<a itemprop=\"url\" class=\"edgt-pli-link edgt-block-drag-link\" href=\"https:\/\/rene-gaston-lagorre.fr\/index.php\/portfolio-item\/fleurs\/\" target=\"_self\"><\/a>\n\t<\/div>\n<\/article>\t<\/div>\n\t\n\t<\/div>[vc_empty_space][\/vc_column][\/vc_row]<\/p>","protected":false},"excerpt":{"rendered":"<p>[vc_row][vc_column][vc_column_text] Fleurs r\u00e9elles En 1974-1975, l\u2019artiste rend hommage \u00e0 la beaut\u00e9 de la nature en peignant des fleurs\u00a0. Parmi les fleurs cultiv\u00e9es, s\u00e9duit sans doute par la puret\u00e9 de sa couleur et par sa forme \u00e9lanc\u00e9e qui semble le faire jaillir du sol, le peintre affirme [&hellip;]<\/p>\n","protected":false},"author":1,"featured_media":0,"parent":0,"menu_order":0,"comment_status":"closed","ping_status":"closed","template":"","meta":[],"_links":{"self":[{"href":"https:\/\/rene-gaston-lagorre.fr\/index.php\/wp-json\/wp\/v2\/pages\/1099"}],"collection":[{"href":"https:\/\/rene-gaston-lagorre.fr\/index.php\/wp-json\/wp\/v2\/pages"}],"about":[{"href":"https:\/\/rene-gaston-lagorre.fr\/index.php\/wp-json\/wp\/v2\/types\/page"}],"author":[{"embeddable":true,"href":"https:\/\/rene-gaston-lagorre.fr\/index.php\/wp-json\/wp\/v2\/users\/1"}],"replies":[{"embeddable":true,"href":"https:\/\/rene-gaston-lagorre.fr\/index.php\/wp-json\/wp\/v2\/comments?post=1099"}],"version-history":[{"count":3,"href":"https:\/\/rene-gaston-lagorre.fr\/index.php\/wp-json\/wp\/v2\/pages\/1099\/revisions"}],"predecessor-version":[{"id":14575,"href":"https:\/\/rene-gaston-lagorre.fr\/index.php\/wp-json\/wp\/v2\/pages\/1099\/revisions\/14575"}],"wp:attachment":[{"href":"https:\/\/rene-gaston-lagorre.fr\/index.php\/wp-json\/wp\/v2\/media?parent=1099"}],"curies":[{"name":"wp","href":"https:\/\/api.w.org\/{rel}","templated":true}]}}

Fleurs réelles et fleurs imaginaires

<p>[vc_row][vc_column][vc_column_text]</p>
<p class="has-medium-font-size"><strong><em>Fleurs réelles</em></strong></p>

<p>En 1974-1975, l’artiste rend hommage à la beauté de la nature en peignant des fleurs . Parmi les fleurs cultivées, séduit sans doute par la pureté de sa couleur et par sa forme élancée qui semble le faire jaillir du sol, le peintre affirme une nette prédilection pour la représentation des arums qu’ils soient blancs ou roses. Mais Lagorre peint aussi des fleurs champêtres. Des tournesols &#8211; comme un hommage à Van Gogh-, des bleuets ou des coquelicots et ces chardons bleu-violacé que l’on peut voir sur les versants de nos montagnes .</p>

<p>Parfois, le peintre place la fleur au tout premier plan du tableau. Il la fait s’élancer sur la toile avec grâce et élégance quand, derrière elle, par la fenêtre ouverte se dessine un minaret, une église de village ou la cathédrale Notre-Dame, Ainsi sur cette toile, tels des oiseaux de feux (oiseaux de paradis) qui semblent vouloir s’envoler par la fenêtre, peint-il des « <em>strelitzias </em>» dont le nom reste inscrit au dos de la toile, cette fleur tropicale observée maintes fois sur le pourtour du bassin méditerranéen et plus communément appelée « oiseau de paradis »…</p>

<p>Parmi ces bouquets dont nous livrons ici quelques représentations, il en est un tout à fait exceptionnel et ce, à plusieurs titres !</p>

<p>Exécuté en 1943, alors que le peintre avait tout juste 30 ans, il est sans doute sa toute première représentation en peinture d’un bouquet de fleurs.</p>

<p>Le tableau que nous nommerons « <em>Bouquet à la mandoline</em> »,  bien composé, parfaitement équilibré, dévoile un style encore très académique ne serait-ce que par le choix de sa thématique obligée pour l’époque, un réel exercice de style ! On y perçoit clairement l’influence très décorative des Nabis mais aussi la volonté qu’a le peintre de mettre les arts en correspondance. Ici la musique (la mandoline) côtoie à la fois la peinture (le tableau lui même et ses éclats de couleurs) et la poésie (celle qui émane du bouquet de fleurs).</p>

<p>Quand on retourne ce tableau on éprouve une autre surprise, assez émouvante elle aussi puisqu&#8217; on peut lire au dos de la toile cette inscription : « <em><strong>Au profit des prisonniers de guerre et déportés </strong></em>».</p>

<p>Cette toile a une histoire : du dire même de sa propriétaire, elle a été « gagnée » par sa grand-mère lors d’ une tombola à laquelle cette-ci participait &#8230; Depuis, la toile, maladroitement signée et datée par un peintre encore jeune, est soigneusement conservée et reste accrochée au mur de la maison familiale.</p>

<p>&nbsp;</p>

<p class="has-medium-font-size"><em><strong>Fleurs imaginaires</strong></em></p>

<p>En 1997, Lagorre décide de laisser libre cours à son imagination en peignant des fleurs aux formes rêvées, souvent sinueuses, elles s&#8217;entrelacent et laissent éclater leurs couleurs, ce sera les &#8220;Bouquets dans le Z&#8221; qui valent au peintre cette belle introduction de Robert Marteau à l&#8217;exposition de 1997 qui se tiendra à Paris, à la Galerie Weiller :</p>

<p>«<em> La plus éphémère des manifestations du végétal, la fleur, est en même temps et le lieu de l’amour perpétué et celui de l’éternité. Des ténèbres de la putréfaction elle se hisse par l’échelle de la plante aux extrémités les plus favorisées par la lumière. Offrande de la terre au ciel, ligation entre l’une et l’autre, elle est depuis l’origine le modèle du temps. Les fleurs qu’il arrange en bouquets, René Lagorre les laisse venir en lui et les voit par la main en l’âme éclore.</em></p>

<p><em>Absolument converties ou métamorphosées en peinture, elles vivent dès lors du regard qui les contemple. </em>»</p>

<p>Robert MARTEAU, Février 1997.</p>
<p>[/vc_column_text][/vc_column][/vc_row][vc_row][vc_column][vc_empty_space]<div class="edgt-portfolio-list-holder edgt-pl-gallery edgt-pl-normal-space edgt-pl-three-columns edgt-pl-standard-overlay light    edgt-pl-pag-no-pagination     "  data-type=gallery data-space-between-items=normal data-number-of-items=-1 data-image-proportions=full data-enable-fixed-proportions=no data-enable-image-shadow=no data-category=fleurs data-order-by=date data-order=ASC data-item-style=standard-overlay data-item-style-skin=light data-enable-title=yes data-title-tag=h4 data-title-text-transform=uppercase data-enable-category=yes data-enable-like=no data-enable-count-images=yes data-enable-excerpt=no data-excerpt-length=20 data-pagination-type=no-pagination data-filter=no data-filter-order-by=name data-enable-article-parallax-animation=no data-portfolio-slider-on=no data-enable-loop=yes data-enable-autoplay=yes data-slider-speed=5000 data-slider-speed-animation=600 data-enable-navigation=yes data-enable-pagination=yes data-max-num-pages=0 data-next-page=2>
		
	<div class="edgt-pl-inner  clearfix">
		
<article class="edgt-pl-item  post-14494 portfolio-item type-portfolio-item status-publish has-post-thumbnail hentry portfolio-category-fleurs">
	<div class="edgt-pl-item-inner" >
		<div class="edgt-pli-image">
			<img width="1917" height="2560" src="https://rene-gaston-lagorre.fr/wp-content/uploads/2023/07/23a.Bouquet-de-fleurs-Gouache.1979Coll.-Cazal-scaled.jpg" class="attachment-full size-full wp-post-image" alt="Bouquet." decoding="async" loading="lazy" srcset="https://rene-gaston-lagorre.fr/wp-content/uploads/2023/07/23a.Bouquet-de-fleurs-Gouache.1979Coll.-Cazal-scaled.jpg 1917w, https://rene-gaston-lagorre.fr/wp-content/uploads/2023/07/23a.Bouquet-de-fleurs-Gouache.1979Coll.-Cazal-scaled-600x801.jpg 600w, https://rene-gaston-lagorre.fr/wp-content/uploads/2023/07/23a.Bouquet-de-fleurs-Gouache.1979Coll.-Cazal-225x300.jpg 225w, https://rene-gaston-lagorre.fr/wp-content/uploads/2023/07/23a.Bouquet-de-fleurs-Gouache.1979Coll.-Cazal-767x1024.jpg 767w, https://rene-gaston-lagorre.fr/wp-content/uploads/2023/07/23a.Bouquet-de-fleurs-Gouache.1979Coll.-Cazal-768x1026.jpg 768w, https://rene-gaston-lagorre.fr/wp-content/uploads/2023/07/23a.Bouquet-de-fleurs-Gouache.1979Coll.-Cazal-1150x1536.jpg 1150w, https://rene-gaston-lagorre.fr/wp-content/uploads/2023/07/23a.Bouquet-de-fleurs-Gouache.1979Coll.-Cazal-1533x2048.jpg 1533w" sizes="(max-width: 1917px) 100vw, 1917px" />		</div>
<div class="edgt-pli-text-holder">
	<div class="edgt-pli-text-wrapper">
		<div class="edgt-pli-text">
				<h4 itemprop="name" class="edgt-pli-title entry-title" style="text-transform: uppercase">
		Fleurs réelles et fleurs imaginaires	</h4>

					<div class="edgt-pli-category-holder">
							<a itemprop="url" class="edgt-pli-category" href="https://rene-gaston-lagorre.fr/index.php/portfolio-category/fleurs/">"Fleurs"</a>
					</div>
	
			    <div class="edgt-gli-number-of-images-holder" >
        <span>54 pics.</span>
    </div>


					</div>
	</div>
</div>		
		<a itemprop="url" class="edgt-pli-link edgt-block-drag-link" href="https://rene-gaston-lagorre.fr/index.php/portfolio-item/fleurs/" target="_self"></a>
	</div>
</article>	</div>
	
	</div>[vc_empty_space][/vc_column][/vc_row]</p>

<p>[vc_row][vc_column][vc_column_text] Fleurs réelles En 1974-1975, l’artiste rend hommage à la beauté de la nature en peignant des fleurs . Parmi les fleurs cultivées, séduit sans doute par la pureté de sa couleur et par sa forme élancée qui semble le faire jaillir du sol, le peintre affirme [&hellip;]</p>
