{"id":1114,"date":"2023-07-08T12:04:18","date_gmt":"2023-07-08T10:04:18","guid":{"rendered":"https:\/\/rene-gaston-lagorre.fr\/?page_id=1114"},"modified":"2024-02-16T17:58:57","modified_gmt":"2024-02-16T16:58:57","slug":"bibliographie","status":"publish","type":"page","link":"https:\/\/rene-gaston-lagorre.fr\/index.php\/bibliographie\/","title":{"rendered":"Bibliographie"},"content":{"rendered":"<p>[vc_row][vc_column][vc_column_text]<\/p>\r\n<p>Dom\u00e8nec de Bellmunt, <em>L&#8217;Andorre et ses beaut\u00e9s : sa g\u00e9ographie, ses paysages, ses monuments, son histoire, ses coutumes, ses l\u00e9gendes,<\/em> 8 dessins in\u00e9dits du peintre Lagorre, ill. Phot.de V. Claverol, Toulouse, 1952. (B.N.F. Paris)<\/p>\r\n<p>Dom\u00e8nec de Bellmunt, <em>Andorra : the incredible country lost amidst the mountains<\/em>, Edi\u00e7io P.H., 1953, 93 p.,- contient <b>6 <\/b>illustrations de Lagorre en pleine page (proc\u00e9d\u00e9 de linogravure en noir et blanc).<\/p>\r\n<p>Bulletin des amis d\u2019Aulus et du Garbet, n\u00b0 28, article de R. Gabarre sur Ren\u00e9 Gaston-Lagorre.<\/p>\r\n<p>Jules Ponsolle, <em>L&#8217;Outs<\/em>, Bibliout\u00e9co de l&#8217;Escolo deras Pireneos, 1986. (avec trois reproductions de tableaux de Lagorre et les remerciements de l&#8217;auteur au peintre)<\/p>\r\n\r\n<p>Interview de Ren\u00e9 Gaston-Lagorre par G\u00e9rard Tamagnan, <em>L\u2019Ari\u00e9geois<\/em>, 1987, pp.39-43.<\/p>\r\n\r\n<p>Sur <em>le Martyre de Saint Laurent<\/em> dans l\u2019\u00e9glise de St Laurent de Save, un article tir\u00e9-\u00e0-part sign\u00e9 de Louis Carsalade avec explication d\u00e9taill\u00e9e du tableau (\u00e0 retrouver dans Lagorre en Haute-Save).<\/p>\r\n\r\n<p>Ren\u00e9 Lagorre, <em>Les Ateliers,<\/em> <strong>Catalogue d\u2019exposition<\/strong>, Pr\u00e9face de Robert Marteau, photos de Jacques Faujour, Galerie Weiller, Paris, novembre-d\u00e9cembre 1992<\/p>\r\n\r\n<p>Henri L. Petit, \u00ab\u00a0Ren\u00e9 Gaston-Lagorre\u00a0: une vie d\u00e9di\u00e9e \u00e0 la peinture\u00a0\u00bb, Sav\u00e8s-Patrimoine\u00a0: Sav\u00e8s et Serr\u00e8re, Rieumes, Bulletin annuel de l\u2019association Sav\u00e8s-patrimoine, 1994, pp. 111-131.<\/p>\r\n\r\n<p><em>Figures dans le Z,<\/em> Paris, <strong>Catalogue d\u2019exposition<\/strong>, Pr\u00e9face de Robert Marteau, Photos de Jacques Faujour, Galerie Weiller, Paris, 1994-1995<\/p>\r\n\r\n<p><em>Parcours\u2026<\/em> <strong>Catalogue d\u2019exposition<\/strong> des peintures de Ren\u00e9 Gaston-Lagorre, ao\u00fbt 1996, Pr\u00e9face de Robert Marteau, Centre culturel du Couserans-Galerie Joseph Berg\u00e8s (Ch\u00e2teau des vicomtes)<\/p>\r\n\r\n<p><em>Bouquets dans le Z<\/em>, <strong>Catalogue d\u2019exposition<\/strong>, Pr\u00e9face de Robert Marteau, photos de Jacques Faujour, Galerie Weiller, Paris, f\u00e9vrier-mars 1997<\/p>\r\n\r\n<p><strong><u>Ren\u00e9 Lagorre, \u00c9crits de Robert Marteau<\/u>, <\/strong>Ecbolade, 1999, 29x20cm, 24p, tir\u00e9 \u00e0 11 exemplaires, livre broch\u00e9 avec cinq gouaches originales contrecoll\u00e9es dans le texte, imprim\u00e9 sur papier d\u2019Arches satin\u00e9, avec la double signature de R. Marteau et de Ren\u00e9 Gaston-Lagorre (Livre d\u2019artiste)<\/p>\r\n\r\n<p>&#8220;<strong>Pr\u00e9sent<\/strong>&#8220;, livret d\u00e9pliant de Robert Marteau avec po\u00e8me de Robert Marteau et gouaches originales du peintre. Editions La Balance. Paris<\/p>\r\n\r\n<p>Z 2000, <strong>Catalogue d\u2019exposition<\/strong>, Pr\u00e9face de Robert Marteau, Photos de Jacques Faujour, Galerie Weiller, Paris, mai-juin 2000<\/p>\r\n\r\n<p>Article consacr\u00e9 \u00e0 Ren\u00e9 Gaston-Lagorre, in <em>Dictionnaire biographique et g\u00e9n\u00e9alogique des ari\u00e9geoi<\/em>s, Moulis Adelin, 2001<\/p>\r\n\r\n<p><em>Lagorre en Haute Save,<\/em> Louis Carsalade , Association Sav\u00e9s Patrimoine, 2001\u00e9 Lagorre, Peintures Z 2003<\/p>\r\n\r\n<p><em>Peintures Z 2003<\/em>, <strong>Catalogue d\u2019exposition,<\/strong> Pr\u00e9face de Robert Marteau, Photos de Jacques Faujour, Galerie Weiller, Paris, avril-mai 2003<\/p>\r\n\r\n<p>\u00ab\u00a0<em>Ren\u00e9 Gaston-Lagorre, une vie d\u00e9di\u00e9e \u00e0 la peinture\u00a0\u00bb,<\/em> dossier 4 p. r\u00e9alis\u00e9 par Carine de la Chou\u00eb de la Mettrie, <em>Le Couserans<\/em>, n\u00b06, \u00e9t\u00e9 2004.<\/p>\r\n\r\n<p>Cazenave \u00c9lisabeth, <em>L&#8217;Afrique du Nord r\u00e9v\u00e9l\u00e9e par les mus\u00e9es de province,<\/em> 2004, 223 p. Bernard Giovanangeli \u00c9diteur-Association Abd el Tif, 2004. <a href=\"https:\/\/fr.wikipedia.org\/wiki\/International_Standard_Book_Number\">ISBN<\/a>\u00a0<a href=\"https:\/\/fr.wikipedia.org\/wiki\/Sp%C3%A9cial:Ouvrages_de_r%C3%A9f%C3%A9rence\/2-909034-60-7\">2-909034-60-7<\/a><\/p>\r\n\r\n<p>\u00ab\u00a0Lagorre, peintre du mouvement\u00a0\u00bb, <em>L\u2019Ari\u00e9geois magazine<\/em>, n\u00b0177, Jean-Louis Causse,\u00a0 juillet-ao\u00fbt 2009.<\/p>\r\n\r\n<p>\u00ab\u00a0La montagne de Ren\u00e9 Gaston-Lagorre\u00a0\u00bb, Pauline Chaboussou et Elodie Pasturel, Communaut\u00e9 de communes du canton d\u2019Oust, 2009.<\/p>\r\n\r\n<p>\u00ab\u00a0Les inspirations de Lagorre\u00a0\u00bb, Pauline Chaboussou et Audrey Dupuy, Communaut\u00e9 de communes du canton d\u2019Oust, 2010.<\/p>\r\n\r\n<p>\u00ab\u00a0Ren\u00e9 Gaston-Lagorre peintre de la m\u00e9moire cathare\u00a0\u00bb in <em>Pyr\u00e9n\u00e9es magazine Sp\u00e9cial<\/em> <em>cathares<\/em> par Brigitte Gaston-Lagorre. 2012<\/p>\r\n\r\n<p><a href=\"https:\/\/www.ladepeche.fr\/2020\/07\/23\/rene-gaston-lagorre-racontent-boussens-en-fresques-8990490.php\">https:\/\/www.ladepeche.fr\/2020\/07\/23\/rene-gaston-lagorre-racontent-boussens-en-fresques-8990490.php<\/a><\/p>\r\n\r\n<p>Ren\u00e9 Gaston Lagorre (1913-2004) : \u0153uvres , \u0152uvres textuelles (1) &#8220;L&#8217;Andorre et ses beaut\u00e9s&#8221;, (1952) de Dom\u00e8nec de Bellmunt avec Ren\u00e9 Gaston Lagorre (1913-2004) comme Illustrateur . BNF<\/p>\r\n\r\n<p><strong><u>Ren\u00e9 Gaston-Lagorre, de l\u2019acad\u00e9misme \u00e0 l\u2019abstraction<\/u> par Brigitte Gaston-Lagorre.<\/strong> Editions Le pas d\u2019oiseau. Toulouse. 142p. 2013 (en vente \u00e0 la Galerie-mus\u00e9e du Valier. 09140 Seix et aux \u00e9ditions du Pas d\u2019oiseau \u00e0 Toulouse. Prix\u00a0: 30 euros)<\/p>\r\n\r\n<p>\u00ab\u00a0Ren\u00e9 Gaston-Lagorre, un peintre am\u00e9ricain\u00a0\u00bb in <em>Ces Ari\u00e9geois qui ont fait l\u2019histoire<\/em>, Gleize G-P., Le Papillon rouge, pp.141-144, 2021<\/p>\r\n\r\n<p><strong><u>Peintres et couleurs d\u2019Occitanie<\/u>, <\/strong>Marty Audrey, Le Papillon rouge, Villeveyrac, 2022. pp.16-29.<\/p>\r\n<p>\u00a0<\/p>\r\n<p>[\/vc_column_text][\/vc_column][\/vc_row][vc_row][vc_column][vc_empty_space]<div class=\"edgt-portfolio-list-holder edgt-pl-gallery edgt-pl-normal-space edgt-pl-three-columns edgt-pl-standard-overlay light    edgt-pl-pag-no-pagination     \"  data-type=gallery data-space-between-items=normal data-number-of-items=-1 data-image-proportions=full data-enable-fixed-proportions=no data-enable-image-shadow=no data-category=bibliographie data-order-by=date data-order=ASC data-item-style=standard-overlay data-item-style-skin=light data-enable-title=yes data-title-tag=h4 data-title-text-transform=uppercase data-enable-category=yes data-enable-like=no data-enable-count-images=yes data-enable-excerpt=no data-excerpt-length=20 data-pagination-type=no-pagination data-filter=no data-filter-order-by=name data-enable-article-parallax-animation=no data-portfolio-slider-on=no data-enable-loop=yes data-enable-autoplay=yes data-slider-speed=5000 data-slider-speed-animation=600 data-enable-navigation=yes data-enable-pagination=yes data-max-num-pages=0 data-next-page=2>\n\t\t\n\t<div class=\"edgt-pl-inner  clearfix\">\n\t\t\n<article class=\"edgt-pl-item  post-14517 portfolio-item type-portfolio-item status-publish has-post-thumbnail hentry portfolio-category-bibliographie\">\n\t<div class=\"edgt-pl-item-inner\" >\n\t\t<div class=\"edgt-pli-image\">\n\t\t\t<img width=\"1594\" height=\"1299\" src=\"https:\/\/rene-gaston-lagorre.fr\/wp-content\/uploads\/2023\/06\/Couverture-livre-BGL.jpg\" class=\"attachment-full size-full wp-post-image\" alt=\"Livre BGL\" decoding=\"async\" loading=\"lazy\" srcset=\"https:\/\/rene-gaston-lagorre.fr\/wp-content\/uploads\/2023\/06\/Couverture-livre-BGL.jpg 1594w, https:\/\/rene-gaston-lagorre.fr\/wp-content\/uploads\/2023\/06\/Couverture-livre-BGL-600x489.jpg 600w, https:\/\/rene-gaston-lagorre.fr\/wp-content\/uploads\/2023\/06\/Couverture-livre-BGL-300x244.jpg 300w, https:\/\/rene-gaston-lagorre.fr\/wp-content\/uploads\/2023\/06\/Couverture-livre-BGL-1024x834.jpg 1024w, https:\/\/rene-gaston-lagorre.fr\/wp-content\/uploads\/2023\/06\/Couverture-livre-BGL-768x626.jpg 768w, https:\/\/rene-gaston-lagorre.fr\/wp-content\/uploads\/2023\/06\/Couverture-livre-BGL-1536x1252.jpg 1536w\" sizes=\"(max-width: 1594px) 100vw, 1594px\" \/>\t\t<\/div>\n<div class=\"edgt-pli-text-holder\">\n\t<div class=\"edgt-pli-text-wrapper\">\n\t\t<div class=\"edgt-pli-text\">\n\t\t\t\t<h4 itemprop=\"name\" class=\"edgt-pli-title entry-title\" style=\"text-transform: uppercase\">\n\t\tBibliographie\t<\/h4>\n\n\t\t\t\t\t<div class=\"edgt-pli-category-holder\">\n\t\t\t\t\t\t\t<a itemprop=\"url\" class=\"edgt-pli-category\" href=\"https:\/\/rene-gaston-lagorre.fr\/index.php\/portfolio-category\/bibliographie\/\">\"Bibliographie\"<\/a>\n\t\t\t\t\t<\/div>\n\t\n\t\t\t    <div class=\"edgt-gli-number-of-images-holder\" >\n        <span>33 pics.<\/span>\n    <\/div>\n\n\n\t\t\t\t\t<\/div>\n\t<\/div>\n<\/div>\t\t\n\t\t<a itemprop=\"url\" class=\"edgt-pli-link edgt-block-drag-link\" href=\"https:\/\/rene-gaston-lagorre.fr\/index.php\/portfolio-item\/bibliographie\/\" target=\"_self\"><\/a>\n\t<\/div>\n<\/article>\t<\/div>\n\t\n\t<\/div>[\/vc_column][\/vc_row]<\/p>","protected":false},"excerpt":{"rendered":"<p>[vc_row][vc_column][vc_column_text] Dom\u00e8nec de Bellmunt, L&#8217;Andorre et ses beaut\u00e9s : sa g\u00e9ographie, ses paysages, ses monuments, son histoire, ses coutumes, ses l\u00e9gendes, 8 dessins in\u00e9dits du peintre Lagorre, ill. Phot.de V. Claverol, Toulouse, 1952. (B.N.F. Paris) Dom\u00e8nec de Bellmunt, Andorra : the incredible country lost amidst the [&hellip;]<\/p>\n","protected":false},"author":1,"featured_media":0,"parent":0,"menu_order":0,"comment_status":"closed","ping_status":"closed","template":"","meta":[],"_links":{"self":[{"href":"https:\/\/rene-gaston-lagorre.fr\/index.php\/wp-json\/wp\/v2\/pages\/1114"}],"collection":[{"href":"https:\/\/rene-gaston-lagorre.fr\/index.php\/wp-json\/wp\/v2\/pages"}],"about":[{"href":"https:\/\/rene-gaston-lagorre.fr\/index.php\/wp-json\/wp\/v2\/types\/page"}],"author":[{"embeddable":true,"href":"https:\/\/rene-gaston-lagorre.fr\/index.php\/wp-json\/wp\/v2\/users\/1"}],"replies":[{"embeddable":true,"href":"https:\/\/rene-gaston-lagorre.fr\/index.php\/wp-json\/wp\/v2\/comments?post=1114"}],"version-history":[{"count":10,"href":"https:\/\/rene-gaston-lagorre.fr\/index.php\/wp-json\/wp\/v2\/pages\/1114\/revisions"}],"predecessor-version":[{"id":15673,"href":"https:\/\/rene-gaston-lagorre.fr\/index.php\/wp-json\/wp\/v2\/pages\/1114\/revisions\/15673"}],"wp:attachment":[{"href":"https:\/\/rene-gaston-lagorre.fr\/index.php\/wp-json\/wp\/v2\/media?parent=1114"}],"curies":[{"name":"wp","href":"https:\/\/api.w.org\/{rel}","templated":true}]}}