{"id":13773,"date":"2023-07-17T21:13:34","date_gmt":"2023-07-17T19:13:34","guid":{"rendered":"https:\/\/rene-gaston-lagorre.fr\/?page_id=13773"},"modified":"2023-08-26T12:29:14","modified_gmt":"2023-08-26T10:29:14","slug":"compositions-abstraites","status":"publish","type":"page","link":"https:\/\/rene-gaston-lagorre.fr\/index.php\/compositions-abstraites\/","title":{"rendered":"Compositions abstraites"},"content":{"rendered":"<p>[vc_row][vc_column][vc_column_text]Depuis les ann\u00e9es 60 Lagorre s&#8217;int\u00e9resse de tr\u00e8s pr\u00e8s aux compositions abstraites. Il laisse derri\u00e8re lui de tr\u00e8s nombreuses gouaches d&#8217;atelier qui t\u00e9moignent de ses recherches en la mati\u00e8re et nous offre de belles huiles, tr\u00e8s \u00e9pur\u00e9es o\u00f9, dans des formes g\u00e9om\u00e9triques souvent mises en opposition s&#8217;inscrivent des blancs, des noirs, mais aussi des bleus profonds.<\/p>\r\n<p>[\/vc_column_text][\/vc_column][\/vc_row][vc_row][vc_column][vc_empty_space]<div class=\"edgt-portfolio-list-holder edgt-pl-gallery edgt-pl-normal-space edgt-pl-three-columns edgt-pl-standard-overlay light    edgt-pl-pag-no-pagination     \"  data-type=gallery data-space-between-items=normal data-number-of-items=-1 data-image-proportions=full data-enable-fixed-proportions=no data-enable-image-shadow=no data-category=compositions-abstraites data-order-by=date data-order=ASC data-item-style=standard-overlay data-item-style-skin=light data-enable-title=yes data-title-tag=h4 data-title-text-transform=uppercase data-enable-category=yes data-enable-like=no data-enable-count-images=yes data-enable-excerpt=no data-excerpt-length=20 data-pagination-type=no-pagination data-filter=no data-filter-order-by=name data-enable-article-parallax-animation=no data-portfolio-slider-on=no data-enable-loop=yes data-enable-autoplay=yes data-slider-speed=5000 data-slider-speed-animation=600 data-enable-navigation=yes data-enable-pagination=yes data-max-num-pages=0 data-next-page=2>\n\t\t\n\t<div class=\"edgt-pl-inner  clearfix\">\n\t\t\n<article class=\"edgt-pl-item  post-14506 portfolio-item type-portfolio-item status-publish has-post-thumbnail hentry portfolio-category-compositions-abstraites\">\n\t<div class=\"edgt-pl-item-inner\" >\n\t\t<div class=\"edgt-pli-image\">\n\t\t\t<img width=\"2560\" height=\"1920\" src=\"https:\/\/rene-gaston-lagorre.fr\/wp-content\/uploads\/2023\/07\/32.Gouaches-datelier.1978-Coll.-J-Atkins-scaled.jpg\" class=\"attachment-full size-full wp-post-image\" alt=\"Compositions abstraites. 1978\" decoding=\"async\" loading=\"lazy\" srcset=\"https:\/\/rene-gaston-lagorre.fr\/wp-content\/uploads\/2023\/07\/32.Gouaches-datelier.1978-Coll.-J-Atkins-scaled.jpg 2560w, https:\/\/rene-gaston-lagorre.fr\/wp-content\/uploads\/2023\/07\/32.Gouaches-datelier.1978-Coll.-J-Atkins-scaled-600x450.jpg 600w, https:\/\/rene-gaston-lagorre.fr\/wp-content\/uploads\/2023\/07\/32.Gouaches-datelier.1978-Coll.-J-Atkins-300x225.jpg 300w, https:\/\/rene-gaston-lagorre.fr\/wp-content\/uploads\/2023\/07\/32.Gouaches-datelier.1978-Coll.-J-Atkins-1024x768.jpg 1024w, https:\/\/rene-gaston-lagorre.fr\/wp-content\/uploads\/2023\/07\/32.Gouaches-datelier.1978-Coll.-J-Atkins-768x576.jpg 768w, https:\/\/rene-gaston-lagorre.fr\/wp-content\/uploads\/2023\/07\/32.Gouaches-datelier.1978-Coll.-J-Atkins-1536x1152.jpg 1536w, https:\/\/rene-gaston-lagorre.fr\/wp-content\/uploads\/2023\/07\/32.Gouaches-datelier.1978-Coll.-J-Atkins-1320x990.jpg 1320w\" sizes=\"(max-width: 2560px) 100vw, 2560px\" \/>\t\t<\/div>\n<div class=\"edgt-pli-text-holder\">\n\t<div class=\"edgt-pli-text-wrapper\">\n\t\t<div class=\"edgt-pli-text\">\n\t\t\t\t<h4 itemprop=\"name\" class=\"edgt-pli-title entry-title\" style=\"text-transform: uppercase\">\n\t\tCompositions abstraites\t<\/h4>\n\n\t\t\t\t\t<div class=\"edgt-pli-category-holder\">\n\t\t\t\t\t\t\t<a itemprop=\"url\" class=\"edgt-pli-category\" href=\"https:\/\/rene-gaston-lagorre.fr\/index.php\/portfolio-category\/compositions-abstraites\/\">\"Compositions abstraites\"<\/a>\n\t\t\t\t\t<\/div>\n\t\n\t\t\t    <div class=\"edgt-gli-number-of-images-holder\" >\n        <span>95 pics.<\/span>\n    <\/div>\n\n\n\t\t\t\t\t<\/div>\n\t<\/div>\n<\/div>\t\t\n\t\t<a itemprop=\"url\" class=\"edgt-pli-link edgt-block-drag-link\" href=\"https:\/\/rene-gaston-lagorre.fr\/index.php\/portfolio-item\/compositions-abstraites\/\" target=\"_self\"><\/a>\n\t<\/div>\n<\/article>\t<\/div>\n\t\n\t<\/div>[vc_empty_space][\/vc_column][\/vc_row]<\/p>","protected":false},"excerpt":{"rendered":"<p>[vc_row][vc_column][vc_column_text]Depuis les ann\u00e9es 60 Lagorre s&#8217;int\u00e9resse de tr\u00e8s pr\u00e8s aux compositions abstraites. Il laisse derri\u00e8re lui de tr\u00e8s nombreuses gouaches d&#8217;atelier qui t\u00e9moignent de ses recherches en la mati\u00e8re et nous offre de belles huiles, tr\u00e8s \u00e9pur\u00e9es o\u00f9, dans des formes g\u00e9om\u00e9triques souvent mises en opposition [&hellip;]<\/p>\n","protected":false},"author":2,"featured_media":0,"parent":0,"menu_order":0,"comment_status":"closed","ping_status":"closed","template":"","meta":[],"_links":{"self":[{"href":"https:\/\/rene-gaston-lagorre.fr\/index.php\/wp-json\/wp\/v2\/pages\/13773"}],"collection":[{"href":"https:\/\/rene-gaston-lagorre.fr\/index.php\/wp-json\/wp\/v2\/pages"}],"about":[{"href":"https:\/\/rene-gaston-lagorre.fr\/index.php\/wp-json\/wp\/v2\/types\/page"}],"author":[{"embeddable":true,"href":"https:\/\/rene-gaston-lagorre.fr\/index.php\/wp-json\/wp\/v2\/users\/2"}],"replies":[{"embeddable":true,"href":"https:\/\/rene-gaston-lagorre.fr\/index.php\/wp-json\/wp\/v2\/comments?post=13773"}],"version-history":[{"count":2,"href":"https:\/\/rene-gaston-lagorre.fr\/index.php\/wp-json\/wp\/v2\/pages\/13773\/revisions"}],"predecessor-version":[{"id":14583,"href":"https:\/\/rene-gaston-lagorre.fr\/index.php\/wp-json\/wp\/v2\/pages\/13773\/revisions\/14583"}],"wp:attachment":[{"href":"https:\/\/rene-gaston-lagorre.fr\/index.php\/wp-json\/wp\/v2\/media?parent=13773"}],"curies":[{"name":"wp","href":"https:\/\/api.w.org\/{rel}","templated":true}]}}