{"id":14056,"date":"2023-07-23T16:00:20","date_gmt":"2023-07-23T14:00:20","guid":{"rendered":"https:\/\/rene-gaston-lagorre.fr\/?page_id=14056"},"modified":"2023-09-06T16:22:05","modified_gmt":"2023-09-06T14:22:05","slug":"les-paysages-mediterraneens","status":"publish","type":"page","link":"https:\/\/rene-gaston-lagorre.fr\/index.php\/les-themes\/les-paysages-mediterraneens\/","title":{"rendered":"Les paysages m\u00e9diterran\u00e9ens"},"content":{"rendered":"<p>[vc_row][vc_column][vc_column_text]<\/p>\r\n<p><strong>\u00ab\u00a0 <\/strong><em>Quand il aborde la C\u00f4te d\u2019Azur, Lagorre, lib\u00e9r\u00e9, entonne un hymne de lumi\u00e8re et de chaleur, par exemple dans cette v\u00e9g\u00e9tation exotique au-milieu des terres rouges d\u2019Agay.<\/em> <em>La M\u00e9diterran\u00e9e, ses bords heureux, il a su les rendre de ces tons invraisemblables et vrais, o\u00f9 se m\u00ealent dans une m\u00eame baie, par exemple, nappes d\u2019azur, d\u2019am\u00e9thyste et d\u2019\u00e9meraude\u2026\u00a0\u00bb<\/em> <em>A.C., <u>La D\u00e9p\u00eache<\/u>, 1<sup>er<\/sup> f\u00e9vrier <strong>1952<\/strong><\/em><\/p>\r\n\r\n<p>Comme Matisse avant lui, Ren\u00e9 Gaston-Lagorre va prendre le temps d\u2019un long apprentissage pour <strong>capturer la lumi\u00e8re et peindre les couleurs des paysages m\u00e9diterran\u00e9ens.<\/strong><\/p>\r\n\r\n<p>Le peintre emprunte \u00e9galement au ma\u00eetre<strong> le motif du balcon ou de la fen\u00eatre ouverte<\/strong> sur l\u2019ext\u00e9rieur, qui devient m\u00e9taphore du tableau ( voir les tableaux de Matisse intitul\u00e9s \u00ab\u00a0La le\u00e7on de piano\u00a0\u00bb, \u00ab\u00a0La le\u00e7on de musique\u00a0\u00bb ou encore \u00ab\u00a0Le peintre dans son atelier\u00a0\u00bb). Ainsi l\u2019univers du peintre et son monde int\u00e9rieur s\u2019ouvrent-ils sur le monde ext\u00e9rieur et sur la vie des autres, comme celle du port o\u00f9 les marins ravaudent leurs filets \u00e0 S\u00e8te ou \u00e0 Pe\u00f1iscola avant que les p\u00eacheurs ne partent en mer, ou encore celle de la ville o\u00f9 se tient un march\u00e9 anim\u00e9. Parfois cette fen\u00eatre n\u2019est plus simplement qu\u2019un interm\u00e9diaire, une ouverture sur la magie d\u2019un paysage, celui d\u2019une mer aux mille reflets qu\u2019avaient d\u00e9j\u00e0 tent\u00e9 de saisir bon nombre d\u2019 impressionnistes.<\/p>\r\n\r\n<p>Comment, en observant des \u0153uvres telles que l\u2019\u00eele de L\u00e9rins ou cette huile de paysage m\u00e9diterran\u00e9en domin\u00e9 par un pin parasol, ne pas penser tr\u00e8s imm\u00e9diatement au tableau de Matisse intitul\u00e9 \u00ab\u00a0Le go\u00fbter\u00a0\u00bb (Golfe de Saint Tropez) peint en 1904\u00a0? Les tableaux du petit ma\u00eetre entrent en r\u00e9sonance avec celles des grands ma\u00eetres que sont Matisse, C\u00e9zanne ou Marquet. C\u2019est Matisse qui encouragera en 1948 le jeune peintre Lagorre quand celui ci lui rend visite dans sa villa \u00ab\u00a0Le R\u00eave\u00a0\u00bb \u00e0 Vence o\u00f9 le ma\u00eetre s\u2019est install\u00e9 en 1943. En affirmant, au vu de quelques \u0153uvres qui lui sont pr\u00e9sent\u00e9es en toute modestie, \u00ab\u00a0<strong>Vous \u00eates peintre<\/strong>\u00a0\u00bb, Ren\u00e9 Gaston-Lagorre sait d\u00e9sormais que sa vie sera enti\u00e8rement d\u00e9di\u00e9e \u00e0 cet art.<\/p>\r\n<h6><\/h6>\r\n<p><strong>Un hommage \u00e0 Bonnard<\/strong> : \u201c<strong><em>Le Jardin de Bonnard au Cannet<\/em><\/strong>\u201c.<\/p>\r\n\r\n<p>A cette \u00e9poque, comme le rapporte un article de journal faisant r\u00e9f\u00e9rence \u00e0 l\u2019exposition qui se tint \u00e0 la Galerie Chappe de Toulouse en mars 1950, Lagorre peindra une toile <strong>Le Jardin de Bonnard au Cannet<\/strong>.<\/p>\r\n\r\n<p>Cette \u0153uvre achet\u00e9e directement aupr\u00e8s de l\u2019artiste par l\u2019\u00c9tat en 1949, apr\u00e8s avoir \u00e9t\u00e9 expos\u00e9e \u00e0 La Galerie Chappe de Toulouse puis \u00e0 l\u2019ambassade de France \u00e0 Londres sera mise en d\u00e9p\u00f4t par le Minist\u00e8re de la Culture \u00e0 la Direction inter r\u00e9gionale des Douanes d\u2019Ile de France o\u00f9 elle se trouve toujours. C\u2019est une \u0153uvre \u00e9mouvante \u00e0 plus d\u2019un titre. Elle nous permet de d\u00e9couvrir, au sein de la luxuriance d\u2019un jardin m\u00e9diterran\u00e9en la petite maison-atelier de l\u2019immense peintre que fut Bonnard d\u00e9c\u00e9d\u00e9 en 1947. Une maisonnette aux murs roses qui contrastent fortement avec le vert soutenu de la v\u00e9g\u00e9tation alentour, une maison peinte en contre-plong\u00e9e, ce qui nous permet d\u2019 entrevoir au loin le bleu intense de la mer M\u00e9diterran\u00e9e qu\u2019elle surplombe. Ren\u00e9 Gaston-Lagorre peindra ce lieu hautement symbolique plusieurs fois (nous en connaissons au moins trois versions) mais \u00e0 chaque fois avec une lumi\u00e8re et des couleurs diff\u00e9rentes. En t\u00e9moigne la toile acquise par La Galerie-mus\u00e9e de Seix en 2023 donn\u00e9e \u00e0 admirer aux visiteurs de passage dans l\u2019une des salles consacr\u00e9es au peintre. Il n\u2019est d\u2019ailleurs pas indiff\u00e9rent de conna\u00eetre l\u2019origine de cette toile qui \u00e9tait anciennement la propri\u00e9t\u00e9 de la famille Schloss. Le grand amateur d\u2019art reconnu dans le monde entier, Adolphe Schloss avait l\u00e9gu\u00e9 \u00e0 son \u00e9pouse Lucie une magnifique collection constitu\u00e9e notamment de plus de trois cents tableaux d\u2019art hollandais. Apr\u00e8s le d\u00e9c\u00e8s de Lucie Schloss, la collection fut l\u00e9gu\u00e9e en indivis \u00e0 ses enfants qui la mirent en s\u00fbret\u00e9 au ch\u00e2teau de Chambon pr\u00e8s de Tulle esp\u00e9rant la mettre \u00e0 l\u2019abri des recherches entreprises par les allemands. Ce tableau de Lagorre faisait partie de la collection Schloss, c\u2019est donc une grande chance de pouvoir d\u00e9sormais l\u2019admirer dans la Galerie-mus\u00e9e de Jon et Susan ATKINS \u00e0 Seix (Ari\u00e8ge).<\/p>\r\n\r\n<p>En 1951, le mus\u00e9e des Augustins de Toulouse acquiert une gouache sur papier (24,1x 31,2cm) intitul\u00e9e <strong>Le Cap Falcon<\/strong> \u00e0 Oran (Alg\u00e9rie) qui est toujours en sa possession ainsi qu\u2019un autre tableau acquis en d\u00e9cembre 1957, <strong>Femmes au balcon<\/strong>, une huile sur bois qu\u2019il se fera malheureusement d\u00e9rober (une plainte est depuis toujours en cours\u2026)<a href=\"https:\/\/rene-gaston-lagorre.fr\/?p=402&amp;preview=true#sdfootnote1sym\"><sup>1<\/sup><\/a><\/p>\r\n\r\n<p><a href=\"https:\/\/rene-gaston-lagorre.fr\/?p=402&amp;preview=true#sdfootnote1anc\">1<\/a> En voici la description donn\u00e9e par le mus\u00e9e des Augustins (Toulouse)\u00a0: \u00ab\u00a0<em>Deux jeunes femmes se penchent c\u00f4te \u00e0 c\u00f4te \u00e0 un balcon \u00e0 barreaux noirs , mais en grande partie cach\u00e9s par un tapis rouge \u00e0 bandes jaunes. La femme de gauche est habill\u00e9e de rouge et tient un \u00e9ventail \u00e0 la main droite. La femme de droite est habill\u00e9e de vert et se fait ombre d\u2019une ombrelle rose crevette. Fen\u00eatre ouverte en arri\u00e8re et tentures verte et rose en haut du tableau. Sign\u00e9\u00a0: G. LAGORRE\u00a0\u00bb<\/em><\/p>\r\n<p class=\"western\"><strong><span style=\"font-family: Liberation Serif, serif;\"><span style=\"font-size: large;\">Un hommage \u00e0 Picasso <\/span><\/span><\/strong><span style=\"font-family: Liberation Serif, serif;\"><span style=\"font-size: large;\">avec la peinture de deux toiles intitul\u00e9es &#8220;La Californie&#8221;, nom de la villa de Picasso \u00e0 Saint Paul de Vence. La v\u00e9g\u00e9tation luxuriante vert \u00e9meraude se m\u00eale ici aux couleurs vives, majoritairement jaune orang\u00e9e, de cascades de fleurs \u00e9clabouss\u00e9es de soleil.\u00a0 C&#8217;est sous cette arche de lumi\u00e8re que marche le visiteur qui emprunte le chemin tortueux qui m\u00e8ne \u00e0 la villa du ma\u00eetre. &#8230;<\/span><\/span><\/p>\r\n\r\n<p>&nbsp;<\/p>\r\n<p>[\/vc_column_text][\/vc_column][\/vc_row][vc_row][vc_column][vc_empty_space]<div class=\"edgt-portfolio-list-holder edgt-pl-gallery edgt-pl-normal-space edgt-pl-three-columns edgt-pl-standard-overlay light    edgt-pl-pag-no-pagination     \"  data-type=gallery data-space-between-items=normal data-number-of-items=-1 data-image-proportions=full data-enable-fixed-proportions=no data-enable-image-shadow=no data-category=mediterranee data-order-by=date data-order=ASC data-item-style=standard-overlay data-item-style-skin=light data-enable-title=yes data-title-tag=h4 data-title-text-transform=uppercase data-enable-category=yes data-enable-like=no data-enable-count-images=yes data-enable-excerpt=no data-excerpt-length=20 data-pagination-type=no-pagination data-filter=no data-filter-order-by=name data-enable-article-parallax-animation=no data-portfolio-slider-on=no data-enable-loop=yes data-enable-autoplay=yes data-slider-speed=5000 data-slider-speed-animation=600 data-enable-navigation=yes data-enable-pagination=yes data-max-num-pages=0 data-next-page=2>\n\t\t\n\t<div class=\"edgt-pl-inner  clearfix\">\n\t\t\n<article class=\"edgt-pl-item  post-14546 portfolio-item type-portfolio-item status-publish has-post-thumbnail hentry portfolio-category-mediterranee\">\n\t<div class=\"edgt-pl-item-inner\" >\n\t\t<div class=\"edgt-pli-image\">\n\t\t\t<img width=\"2560\" height=\"1782\" src=\"https:\/\/rene-gaston-lagorre.fr\/wp-content\/uploads\/2023\/07\/27.Mer1_-scaled.jpg\" class=\"attachment-full size-full wp-post-image\" alt=\"\" decoding=\"async\" loading=\"lazy\" srcset=\"https:\/\/rene-gaston-lagorre.fr\/wp-content\/uploads\/2023\/07\/27.Mer1_-scaled.jpg 2560w, https:\/\/rene-gaston-lagorre.fr\/wp-content\/uploads\/2023\/07\/27.Mer1_-scaled-600x418.jpg 600w, https:\/\/rene-gaston-lagorre.fr\/wp-content\/uploads\/2023\/07\/27.Mer1_-300x209.jpg 300w, https:\/\/rene-gaston-lagorre.fr\/wp-content\/uploads\/2023\/07\/27.Mer1_-1024x713.jpg 1024w, https:\/\/rene-gaston-lagorre.fr\/wp-content\/uploads\/2023\/07\/27.Mer1_-768x535.jpg 768w, https:\/\/rene-gaston-lagorre.fr\/wp-content\/uploads\/2023\/07\/27.Mer1_-1536x1069.jpg 1536w, https:\/\/rene-gaston-lagorre.fr\/wp-content\/uploads\/2023\/07\/27.Mer1_-1320x919.jpg 1320w\" sizes=\"(max-width: 2560px) 100vw, 2560px\" \/>\t\t<\/div>\n<div class=\"edgt-pli-text-holder\">\n\t<div class=\"edgt-pli-text-wrapper\">\n\t\t<div class=\"edgt-pli-text\">\n\t\t\t\t<h4 itemprop=\"name\" class=\"edgt-pli-title entry-title\" style=\"text-transform: uppercase\">\n\t\tPaysages m\u00e9diterran\u00e9ens\t<\/h4>\n\n\t\t\t\t\t<div class=\"edgt-pli-category-holder\">\n\t\t\t\t\t\t\t<a itemprop=\"url\" class=\"edgt-pli-category\" href=\"https:\/\/rene-gaston-lagorre.fr\/index.php\/portfolio-category\/mediterranee\/\">\"M\u00e9diterran\u00e9e\"<\/a>\n\t\t\t\t\t<\/div>\n\t\n\t\t\t    <div class=\"edgt-gli-number-of-images-holder\" >\n        <span>55 pics.<\/span>\n    <\/div>\n\n\n\t\t\t\t\t<\/div>\n\t<\/div>\n<\/div>\t\t\n\t\t<a itemprop=\"url\" class=\"edgt-pli-link edgt-block-drag-link\" href=\"https:\/\/rene-gaston-lagorre.fr\/index.php\/portfolio-item\/mediterranee\/\" target=\"_self\"><\/a>\n\t<\/div>\n<\/article>\t<\/div>\n\t\n\t<\/div>[vc_empty_space][\/vc_column][\/vc_row]<\/p>","protected":false},"excerpt":{"rendered":"<p>[vc_row][vc_column][vc_column_text] \u00ab\u00a0 Quand il aborde la C\u00f4te d\u2019Azur, Lagorre, lib\u00e9r\u00e9, entonne un hymne de lumi\u00e8re et de chaleur, par exemple dans cette v\u00e9g\u00e9tation exotique au-milieu des terres rouges d\u2019Agay. La M\u00e9diterran\u00e9e, ses bords heureux, il a su les rendre de ces tons invraisemblables et vrais, o\u00f9 [&hellip;]<\/p>\n","protected":false},"author":1,"featured_media":0,"parent":14310,"menu_order":0,"comment_status":"closed","ping_status":"closed","template":"","meta":[],"_links":{"self":[{"href":"https:\/\/rene-gaston-lagorre.fr\/index.php\/wp-json\/wp\/v2\/pages\/14056"}],"collection":[{"href":"https:\/\/rene-gaston-lagorre.fr\/index.php\/wp-json\/wp\/v2\/pages"}],"about":[{"href":"https:\/\/rene-gaston-lagorre.fr\/index.php\/wp-json\/wp\/v2\/types\/page"}],"author":[{"embeddable":true,"href":"https:\/\/rene-gaston-lagorre.fr\/index.php\/wp-json\/wp\/v2\/users\/1"}],"replies":[{"embeddable":true,"href":"https:\/\/rene-gaston-lagorre.fr\/index.php\/wp-json\/wp\/v2\/comments?post=14056"}],"version-history":[{"count":12,"href":"https:\/\/rene-gaston-lagorre.fr\/index.php\/wp-json\/wp\/v2\/pages\/14056\/revisions"}],"predecessor-version":[{"id":15210,"href":"https:\/\/rene-gaston-lagorre.fr\/index.php\/wp-json\/wp\/v2\/pages\/14056\/revisions\/15210"}],"up":[{"embeddable":true,"href":"https:\/\/rene-gaston-lagorre.fr\/index.php\/wp-json\/wp\/v2\/pages\/14310"}],"wp:attachment":[{"href":"https:\/\/rene-gaston-lagorre.fr\/index.php\/wp-json\/wp\/v2\/media?parent=14056"}],"curies":[{"name":"wp","href":"https:\/\/api.w.org\/{rel}","templated":true}]}}