{"id":14085,"date":"2023-07-26T14:38:46","date_gmt":"2023-07-26T12:38:46","guid":{"rendered":"https:\/\/rene-gaston-lagorre.fr\/?page_id=14085"},"modified":"2023-11-18T13:45:16","modified_gmt":"2023-11-18T12:45:16","slug":"le-bestiaire-de-lagorre-lecture-doeuvre","status":"publish","type":"page","link":"https:\/\/rene-gaston-lagorre.fr\/index.php\/le-bestiaire-de-lagorre-lecture-doeuvre\/","title":{"rendered":"Le bestiaire de Lagorre"},"content":{"rendered":"<p>[vc_row][vc_column][vc_column_text]<\/p>\r\n<p>Entre b\u00eates sauvages, animaux domestiques ou encore b\u00eates sauvages que l\u2019homme tente de domestiquer, le bestiaire de Lagorre s\u2019affirme assez complet\u00a0!<\/p>\r\n\r\n<p>Parmi les animaux sauvages, sur les tableaux de Lagorre figurent un <strong>aigle<\/strong>, des <strong>isards<\/strong> , les <strong>tigres<\/strong> qui accompagnent Mowgli dans la jungle,\u00a0 quelques <strong>perdreaux<\/strong> pendus dans la cuisine mais aussi un <strong>li\u00e8vre<\/strong> qui file, ventre-\u00e0-terre, \u00e0 l\u2019automne, dans les sillons, tentant d&#8217;\u00e9chapper au fusil du chasseur. Y figurent \u00e9galement des <strong>ours<\/strong> que l\u2019homme a asservis, ou, plus exotiques des <strong>singes<\/strong> et un <strong>flamant<\/strong>&#8230; Les <strong>taureaux<\/strong> repr\u00e9sent\u00e9s dans l&#8217;\u0153uvre sont exclusivement des taureaux de combat que l&#8217;on ne voit figurer que sur les toiles de corridas.<\/p>\r\n\r\n<p>Certains de ces animaux sauvages ont \u00e9t\u00e9 dress\u00e9s, domestiqu\u00e9s par l\u2019homme tel l\u2019ours qui, d\u2019un c\u00f4t\u00e9 comme de l\u2019autre des Pyr\u00e9n\u00e9es, sert de gagne-pain \u00e0 des gens mis\u00e9reux. Le singe a \u00e9galement \u00e9t\u00e9 arrach\u00e9 \u00e0 son milieu naturel et dress\u00e9 pour amuser les enfants sur la piste du cirque. M\u00eame chose pour les chevaux, autrefois sauvages, qui, bien qu&#8217;ils continuent de galoper du c\u00f4t\u00e9 du Maghreb lors des fantasia sont devenus pour la plupart d&#8217;entre eux ces animaux de cirque, affubl\u00e9s d&#8217;un plumet, qui ob\u00e9issent \u00e0 la voix et au fouet du dompteur et servent \u00e0 la voltige.<\/p>\r\n\r\n<p>Lagorre excelle \u00e0 peindre les <strong>chevaux<\/strong> qu&#8217;il les saisisse en pleine course ou qu&#8217;ils les fasse se cabrer sur la piste du cirque. Il en a \u00e9tudi\u00e9 avec une grande exactitude l\u2019anatomie comme il l\u2019a fait pour \u00e9tudier l&#8217;anatomie des ours quand il se rendait, \u00e0 Paris, au museum d\u2019Histoire naturelle. L&#8217;artiste peint plus rarement des <strong>chevaux de trait <\/strong>qui apparaissent toutefois sur quelques uns de ses tableaux.<\/p>\r\n\r\n<p>Li\u00e8vres et isards sont quant \u00e0 eux chass\u00e9s par l\u2019homme pour se nourrir au m\u00eame titre que l\u2019est ce flamant rose rapport\u00e9 par le chasseur au sein d\u2019une famille africaine. C\u2019est l\u00e0 la vision que nous offre le peintre.<\/p>\r\n\r\n<p>Lagorre, qui ne s\u2019en cachait pas, a v\u00e9cu une \u00e9poque o\u00f9 l\u2019on souffrait encore de la faim et n&#8217;oublions jamais qu&#8217;il vivait et seulement du fruit de sa peinture ! Tous ceux qui l\u2019ont connu savent tr\u00e8s bien qu\u2019il aimait festoyer, se mettre \u00e0 table \u00e9tait pour lui un v\u00e9ritable plaisir et il ne refusait jamais de faire bonne ch\u00e8re\u00a0! Comme ceux qui ont v\u00e9cu le manque pendant la guerre, Lagorre appr\u00e9ciait les bons repas, \u00e0 tel point qu\u2019il honorait parfois d\u2019une toile <strong>la truite fario<\/strong> ou les \u00e9crevisses d\u00e9gust\u00e9es le dimanche avec les amis ou en famille d\u2019autant plus que celles-ci \u00e9taient objets de contrebande, ce qui n\u2019en donnait que plus de go\u00fbt au repas\u00a0!<\/p>\r\n\r\n<p>Parmi les animaux domestiques, hormis le <strong>chien<\/strong>, fid\u00e8le compagnon du berger qui guide et garde le troupeau de <strong>brebis<\/strong> sur les estives, figurent dans les toiles de Lagorre tous les animaux ordinaires de la ferme\u00a0: de magnifiques <strong>dindons<\/strong>, hautains \u00e0 souhait, des <strong>oies <\/strong>bien grasses qu\u2019ici ou l\u00e0 on gave encore \u00e0 l\u2019entonnoir en pr\u00e9vision du confit \u00e0 venir, de jolies <strong>poules<\/strong> noires qui picorent en altitude du c\u00f4t\u00e9 de Capvert, \u00e0 proximit\u00e9 de <strong>lapins<\/strong>. Le <strong>cochon<\/strong>, quant \u00e0 lui, ne figure sur la toile que pour \u00eatre vendu au march\u00e9 comme le sont les <strong>poissons<\/strong>. Dans le tableau intitul\u00e9 &#8220;L&#8217;Hiver&#8221;, dans un coin de la toile, on assiste \u00e0 la saign\u00e9e du cochon avant qu&#8217;il ne soit transform\u00e9 en jambons, saucisses et saucissons, pr\u00e9cieuses provisions pour l\u2019hiver, tradition oblige.<\/p>\r\n\r\n<p>Sur de tr\u00e8s nombreuses toiles on aper\u00e7oit aussi des<strong> b\u0153ufs<\/strong> attel\u00e9s, indispensables auxiliaires de l\u2019homme qu\u2019ils aident au moment des moissons et de la fenaison, et puis des <strong>vaches<\/strong> aussi, qui paissent bien souvent en toute s\u00e9r\u00e9nit\u00e9, \u00e0 flancs de montagne, pr\u00e8s de granges foraines. Les <strong>\u00e2nes<\/strong> et les <strong>mules<\/strong> aux b\u00e2ts lourdement charg\u00e9s traversent ponts et rivi\u00e8res et, sur les toits bleut\u00e9s des villages s\u2019envolent parfois de blanches <strong>tourterelles<\/strong>.<\/p>\r\n\r\n<p>Force est de constater que sur les toiles de Lagorre, seuls l\u2019aigle royal qui plane dans les airs, les tourterelles et deux <strong>cygnes<\/strong> gracieux qui voguent sur un lac et dont la blancheur n&#8217;a d&#8217;\u00e9gale que celle des tourterelles, semblent \u00e9chapper \u00e0 la domestication par l&#8217;homme.<\/p>\r\n<p>\u00a0<\/p>\r\n<p>[\/vc_column_text][\/vc_column][\/vc_row][vc_row][vc_column][vc_empty_space]<div class=\"edgt-portfolio-list-holder edgt-pl-gallery edgt-pl-normal-space edgt-pl-three-columns edgt-pl-standard-overlay light    edgt-pl-pag-no-pagination     \"  data-type=gallery data-space-between-items=normal data-number-of-items=-1 data-image-proportions=full data-enable-fixed-proportions=no data-enable-image-shadow=no data-category=bestiaire data-order-by=date data-order=ASC data-item-style=standard-overlay data-item-style-skin=light data-enable-title=yes data-title-tag=h4 data-title-text-transform=uppercase data-enable-category=yes data-enable-like=no data-enable-count-images=yes data-enable-excerpt=no data-excerpt-length=20 data-pagination-type=no-pagination data-filter=no data-filter-order-by=name data-enable-article-parallax-animation=no data-portfolio-slider-on=no data-enable-loop=yes data-enable-autoplay=yes data-slider-speed=5000 data-slider-speed-animation=600 data-enable-navigation=yes data-enable-pagination=yes data-max-num-pages=0 data-next-page=2>\n\t\t\n\t<div class=\"edgt-pl-inner  clearfix\">\n\t\t\n<article class=\"edgt-pl-item  post-14620 portfolio-item type-portfolio-item status-publish has-post-thumbnail hentry portfolio-category-bestiaire\">\n\t<div class=\"edgt-pl-item-inner\" >\n\t\t<div class=\"edgt-pli-image\">\n\t\t\t<img width=\"2063\" height=\"2560\" src=\"https:\/\/rene-gaston-lagorre.fr\/wp-content\/uploads\/2023\/07\/22.Aigle-et-isard.-Hst.73x50cm.sd_-scaled.jpg\" class=\"attachment-full size-full wp-post-image\" alt=\"Aigle et isard\" decoding=\"async\" loading=\"lazy\" srcset=\"https:\/\/rene-gaston-lagorre.fr\/wp-content\/uploads\/2023\/07\/22.Aigle-et-isard.-Hst.73x50cm.sd_-scaled.jpg 2063w, https:\/\/rene-gaston-lagorre.fr\/wp-content\/uploads\/2023\/07\/22.Aigle-et-isard.-Hst.73x50cm.sd_-scaled-600x745.jpg 600w, https:\/\/rene-gaston-lagorre.fr\/wp-content\/uploads\/2023\/07\/22.Aigle-et-isard.-Hst.73x50cm.sd_-242x300.jpg 242w, https:\/\/rene-gaston-lagorre.fr\/wp-content\/uploads\/2023\/07\/22.Aigle-et-isard.-Hst.73x50cm.sd_-825x1024.jpg 825w, https:\/\/rene-gaston-lagorre.fr\/wp-content\/uploads\/2023\/07\/22.Aigle-et-isard.-Hst.73x50cm.sd_-768x953.jpg 768w, https:\/\/rene-gaston-lagorre.fr\/wp-content\/uploads\/2023\/07\/22.Aigle-et-isard.-Hst.73x50cm.sd_-1238x1536.jpg 1238w, https:\/\/rene-gaston-lagorre.fr\/wp-content\/uploads\/2023\/07\/22.Aigle-et-isard.-Hst.73x50cm.sd_-1650x2048.jpg 1650w\" sizes=\"(max-width: 2063px) 100vw, 2063px\" \/>\t\t<\/div>\n<div class=\"edgt-pli-text-holder\">\n\t<div class=\"edgt-pli-text-wrapper\">\n\t\t<div class=\"edgt-pli-text\">\n\t\t\t\t<h4 itemprop=\"name\" class=\"edgt-pli-title entry-title\" style=\"text-transform: uppercase\">\n\t\tLe Bestiaire de Lagorre\t<\/h4>\n\n\t\t\t\t\t<div class=\"edgt-pli-category-holder\">\n\t\t\t\t\t\t\t<a itemprop=\"url\" class=\"edgt-pli-category\" href=\"https:\/\/rene-gaston-lagorre.fr\/index.php\/portfolio-category\/bestiaire\/\">\"Bestiaire\"<\/a>\n\t\t\t\t\t<\/div>\n\t\n\t\t\t    <div class=\"edgt-gli-number-of-images-holder\" >\n        <span>48 pics.<\/span>\n    <\/div>\n\n\n\t\t\t\t\t<\/div>\n\t<\/div>\n<\/div>\t\t\n\t\t<a itemprop=\"url\" class=\"edgt-pli-link edgt-block-drag-link\" href=\"https:\/\/rene-gaston-lagorre.fr\/index.php\/portfolio-item\/bestiaire\/\" target=\"_self\"><\/a>\n\t<\/div>\n<\/article>\t<\/div>\n\t\n\t<\/div>[vc_empty_space][\/vc_column][\/vc_row]<\/p>","protected":false},"excerpt":{"rendered":"<p>[vc_row][vc_column][vc_column_text] Entre b\u00eates sauvages, animaux domestiques ou encore b\u00eates sauvages que l\u2019homme tente de domestiquer, le bestiaire de Lagorre s\u2019affirme assez complet\u00a0! Parmi les animaux sauvages, sur les tableaux de Lagorre figurent un aigle, des isards , les tigres qui accompagnent Mowgli dans la jungle,\u00a0 quelques [&hellip;]<\/p>\n","protected":false},"author":2,"featured_media":0,"parent":0,"menu_order":0,"comment_status":"closed","ping_status":"closed","template":"","meta":[],"_links":{"self":[{"href":"https:\/\/rene-gaston-lagorre.fr\/index.php\/wp-json\/wp\/v2\/pages\/14085"}],"collection":[{"href":"https:\/\/rene-gaston-lagorre.fr\/index.php\/wp-json\/wp\/v2\/pages"}],"about":[{"href":"https:\/\/rene-gaston-lagorre.fr\/index.php\/wp-json\/wp\/v2\/types\/page"}],"author":[{"embeddable":true,"href":"https:\/\/rene-gaston-lagorre.fr\/index.php\/wp-json\/wp\/v2\/users\/2"}],"replies":[{"embeddable":true,"href":"https:\/\/rene-gaston-lagorre.fr\/index.php\/wp-json\/wp\/v2\/comments?post=14085"}],"version-history":[{"count":12,"href":"https:\/\/rene-gaston-lagorre.fr\/index.php\/wp-json\/wp\/v2\/pages\/14085\/revisions"}],"predecessor-version":[{"id":15443,"href":"https:\/\/rene-gaston-lagorre.fr\/index.php\/wp-json\/wp\/v2\/pages\/14085\/revisions\/15443"}],"wp:attachment":[{"href":"https:\/\/rene-gaston-lagorre.fr\/index.php\/wp-json\/wp\/v2\/media?parent=14085"}],"curies":[{"name":"wp","href":"https:\/\/api.w.org\/{rel}","templated":true}]}}