{"id":14355,"date":"2023-08-13T17:46:59","date_gmt":"2023-08-13T15:46:59","guid":{"rendered":"https:\/\/rene-gaston-lagorre.fr\/?page_id=14355"},"modified":"2023-09-06T18:00:15","modified_gmt":"2023-09-06T16:00:15","slug":"lectures-plurielles","status":"publish","type":"page","link":"https:\/\/rene-gaston-lagorre.fr\/index.php\/lectures-plurielles\/","title":{"rendered":"Lectures plurielles"},"content":{"rendered":"<p>[vc_row row_type=&#8221;parallax&#8221; parallax_background_image=&#8221;561&#8243;][vc_column]<div class=\"edgt-elements-holder   edgt-one-column  edgt-responsive-mode-768 edgt-one-column-alignment-center\" ><div class=\"edgt-eh-item   edgt-horizontal-alignment-center \"  data-item-class=\"edgt-eh-custom-8819\">\n\t<div class=\"edgt-eh-item-inner\">\n\t\t<div class=\"edgt-eh-item-content edgt-eh-custom-8819\" style=\"padding: 11% 0%\">\n\t\t\t[vc_column_text]<\/p>\n<h6><span style=\"color: #ffffff;\">Ren\u00e9 Gaston-Lagorre<br \/>\n<\/span><\/h6>\n<p>[\/vc_column_text][vc_empty_space height=&#8221;8px&#8221;][vc_column_text]<\/p>\n<h1><span style=\"color: #ffffff;\">LECTURES PLURIELLES<br \/>\n<\/span><\/h1>\n<p>[\/vc_column_text]\t\t<\/div>\n\t<\/div>\n<\/div><\/div>[\/vc_column][\/vc_row][vc_row row_content_width=&#8221;grid&#8221; css=&#8221;.vc_custom_1493283590395{padding-top: 100px !important;padding-bottom: 100px !important;}&#8221;][vc_column]<div class=\"edgt-process-holder process-text-left \">\n    <div class=\"edgt-process-inner\">\n                <div class=\"edgt-process-text-holder\">\n            \n                        <h2 class=\"edgt-process-title\">\n            La sainte Trinit\u00e9. Sainte Anne, la Vierge et l\u2019Enfant.1938, par Louis Carsalade        <\/h2>\n                        <p class=\"process-text\">``La sainte Trinit\u00e9`` est la premi\u00e8re des \u0153uvres d&#039;envergure que va devoir r\u00e9aliser le peintre \u00e0 la demande de l&#039;abb\u00e9 Carr\u00e8re. Le sujet lui en est impos\u00e9 comme lui sera impos\u00e9 le sujet de la seconde toile \u00e0 r\u00e9aliser dans la petites \u00e9glise de Saint-Laurent-sur-Save, \u00e0 savoir une repr\u00e9sentation de sainte Anne, de la Vierge et de l&#039;Enfant. Louis Carsalade, qui a assist\u00e9 \u00e0 ces r\u00e9alisations, nous livre ici son commentaire.<\/p>\n            <\/div>\n                <div class=\"edgt-process-image\">\n            <img width=\"1702\" height=\"2560\" src=\"https:\/\/rene-gaston-lagorre.fr\/wp-content\/uploads\/2023\/06\/20.-Sainte-Trinite.Hst_.-650x324cm.-1938-scaled.jpg\" class=\"attachment-full size-full\" alt=\"St Laurent. la Sainte Trinit\u00e9\" decoding=\"async\" loading=\"lazy\" srcset=\"https:\/\/rene-gaston-lagorre.fr\/wp-content\/uploads\/2023\/06\/20.-Sainte-Trinite.Hst_.-650x324cm.-1938-scaled.jpg 1702w, https:\/\/rene-gaston-lagorre.fr\/wp-content\/uploads\/2023\/06\/20.-Sainte-Trinite.Hst_.-650x324cm.-1938-scaled-600x902.jpg 600w, https:\/\/rene-gaston-lagorre.fr\/wp-content\/uploads\/2023\/06\/20.-Sainte-Trinite.Hst_.-650x324cm.-1938-199x300.jpg 199w, https:\/\/rene-gaston-lagorre.fr\/wp-content\/uploads\/2023\/06\/20.-Sainte-Trinite.Hst_.-650x324cm.-1938-681x1024.jpg 681w, https:\/\/rene-gaston-lagorre.fr\/wp-content\/uploads\/2023\/06\/20.-Sainte-Trinite.Hst_.-650x324cm.-1938-768x1155.jpg 768w, https:\/\/rene-gaston-lagorre.fr\/wp-content\/uploads\/2023\/06\/20.-Sainte-Trinite.Hst_.-650x324cm.-1938-1021x1536.jpg 1021w, https:\/\/rene-gaston-lagorre.fr\/wp-content\/uploads\/2023\/06\/20.-Sainte-Trinite.Hst_.-650x324cm.-1938-1362x2048.jpg 1362w\" sizes=\"(max-width: 1702px) 100vw, 1702px\" \/>        <\/div>\n                <div class=\"edgt-process-number\">04<\/div>\n    <\/div>\n<\/div><a itemprop=\"url\" href=\"https:\/\/rene-gaston-lagorre.fr\/index.php\/la-sainte-trinite-sainte-anne-la-vierge-et-lenfant-1938-par-louis-carsalade\/\" target=\"_self\"  class=\"edgt-btn edgt-btn-medium edgt-btn-solid dark\"  >\n    <span class=\"edgt-btn-text\">LIRE PLUS<\/span>\n\n    \n    <\/a>[\/vc_column][\/vc_row][vc_row][vc_column]<div class=\"edgt-separator-holder clearfix  edgt-separator-center edgt-separator-full-width\">\n\t<div class=\"edgt-separator\" style=\"border-color: #e9e9e9;border-style: solid;border-bottom-width: 1px;margin-top: 5px;margin-bottom: 5px\"><\/div>\n<\/div>\n[\/vc_column][\/vc_row][vc_row row_content_width=&#8221;grid&#8221; css=&#8221;.vc_custom_1493283608340{padding-top: 100px !important;padding-bottom: 100px !important;}&#8221;][vc_column]<div class=\"edgt-process-holder process-text-right \">\n    <div class=\"edgt-process-inner\">\n                    <div class=\"edgt-process-image\">\n                <img width=\"2560\" height=\"1920\" src=\"https:\/\/rene-gaston-lagorre.fr\/wp-content\/uploads\/2023\/06\/20230422_165257-scaled.jpg\" class=\"attachment-full size-full\" alt=\"Marronnier en fleur\" decoding=\"async\" loading=\"lazy\" srcset=\"https:\/\/rene-gaston-lagorre.fr\/wp-content\/uploads\/2023\/06\/20230422_165257-scaled.jpg 2560w, https:\/\/rene-gaston-lagorre.fr\/wp-content\/uploads\/2023\/06\/20230422_165257-scaled-600x450.jpg 600w, https:\/\/rene-gaston-lagorre.fr\/wp-content\/uploads\/2023\/06\/20230422_165257-300x225.jpg 300w, https:\/\/rene-gaston-lagorre.fr\/wp-content\/uploads\/2023\/06\/20230422_165257-1024x768.jpg 1024w, https:\/\/rene-gaston-lagorre.fr\/wp-content\/uploads\/2023\/06\/20230422_165257-768x576.jpg 768w, https:\/\/rene-gaston-lagorre.fr\/wp-content\/uploads\/2023\/06\/20230422_165257-1536x1152.jpg 1536w\" sizes=\"(max-width: 2560px) 100vw, 2560px\" \/>            <\/div>\n        \n                <div class=\"edgt-process-text-holder\">\n            \n                        <h2 class=\"edgt-process-title\">\n                Lecture d\u2019une \u0153uvre, \u201cMarronnier en fleur\u201d, une gouache des ann\u00e9es 50 par Denis PUECH             <\/h2>\n                                <p class=\"process-text\">En 2021, Pauline Chaboussou, alors responsable des activit\u00e9s et expositions qui se tiennent au ch\u00e2teau de Seix dans le cadre du projet Patrim&#039; , fait l&#039;acquisition d&#039;une gouache de Lagorre. Denis Puech nous en offre ici une lecture.<\/p>\n                <\/div>\n                    <div class=\"edgt-process-number\">01<\/div>\n        <\/div>\n<\/div><a itemprop=\"url\" href=\"https:\/\/rene-gaston-lagorre.fr\/index.php\/lecture-d-une-oeuvre-marronnier-en-fleur-par-denis-puech\/\" target=\"_self\"  class=\"edgt-btn edgt-btn-medium edgt-btn-solid dark\"  >\n    <span class=\"edgt-btn-text\">LIRE PLUS<\/span>\n\n    \n    <\/a>[\/vc_column][\/vc_row][vc_row][vc_column]<div class=\"edgt-separator-holder clearfix  edgt-separator-center edgt-separator-full-width\">\n\t<div class=\"edgt-separator\" style=\"border-color: #e9e9e9;border-style: solid;border-bottom-width: 1px;margin-top: 5px;margin-bottom: 5px\"><\/div>\n<\/div>\n[\/vc_column][\/vc_row][vc_row row_content_width=&#8221;grid&#8221; css=&#8221;.vc_custom_1493283590395{padding-top: 100px !important;padding-bottom: 100px !important;}&#8221;][vc_column]<div class=\"edgt-process-holder process-text-left \">\n    <div class=\"edgt-process-inner\">\n                <div class=\"edgt-process-text-holder\">\n            \n                        <h2 class=\"edgt-process-title\">\n            Lecture compar\u00e9e de deux repr\u00e9sentions de bergers par Pauline Chaboussou        <\/h2>\n                        <p class=\"process-text\">Lagorre c\u00e9l\u00e8bre le pastoralisme \u00e0 travers la figure des bergers. Leur visage, leur regard, mais aussi leurs grosses mains noueuses \u00e9voquent le plus souvent la rudesse et l&#039;\u00e2pret\u00e9 du m\u00e9tier. Pauline Chaboussou proc\u00e8de \u00e0 une \u00e9tude comparatiste de deux de ces portraits.<\/p>\n            <\/div>\n                <div class=\"edgt-process-image\">\n            <img width=\"2046\" height=\"2560\" src=\"https:\/\/rene-gaston-lagorre.fr\/wp-content\/uploads\/2023\/07\/3.-Le-vieux-berger.HST_.181x1005cm-Coll.-part-1-scaled.jpg\" class=\"attachment-full size-full\" alt=\"Le vieux berger\" decoding=\"async\" loading=\"lazy\" srcset=\"https:\/\/rene-gaston-lagorre.fr\/wp-content\/uploads\/2023\/07\/3.-Le-vieux-berger.HST_.181x1005cm-Coll.-part-1-scaled.jpg 2046w, https:\/\/rene-gaston-lagorre.fr\/wp-content\/uploads\/2023\/07\/3.-Le-vieux-berger.HST_.181x1005cm-Coll.-part-1-scaled-600x751.jpg 600w, https:\/\/rene-gaston-lagorre.fr\/wp-content\/uploads\/2023\/07\/3.-Le-vieux-berger.HST_.181x1005cm-Coll.-part-1-240x300.jpg 240w, https:\/\/rene-gaston-lagorre.fr\/wp-content\/uploads\/2023\/07\/3.-Le-vieux-berger.HST_.181x1005cm-Coll.-part-1-818x1024.jpg 818w, https:\/\/rene-gaston-lagorre.fr\/wp-content\/uploads\/2023\/07\/3.-Le-vieux-berger.HST_.181x1005cm-Coll.-part-1-768x961.jpg 768w, https:\/\/rene-gaston-lagorre.fr\/wp-content\/uploads\/2023\/07\/3.-Le-vieux-berger.HST_.181x1005cm-Coll.-part-1-1228x1536.jpg 1228w, https:\/\/rene-gaston-lagorre.fr\/wp-content\/uploads\/2023\/07\/3.-Le-vieux-berger.HST_.181x1005cm-Coll.-part-1-1637x2048.jpg 1637w, https:\/\/rene-gaston-lagorre.fr\/wp-content\/uploads\/2023\/07\/3.-Le-vieux-berger.HST_.181x1005cm-Coll.-part-1-1320x1652.jpg 1320w\" sizes=\"(max-width: 2046px) 100vw, 2046px\" \/>        <\/div>\n                <div class=\"edgt-process-number\">02<\/div>\n    <\/div>\n<\/div><a itemprop=\"url\" href=\"https:\/\/rene-gaston-lagorre.fr\/index.php\/lecture-comparee-de-deux-representions-de-bergers-par-pauline-chaboussou-2\/\" target=\"_self\"  class=\"edgt-btn edgt-btn-medium edgt-btn-solid dark\"  >\n    <span class=\"edgt-btn-text\">LIRE PLUS<\/span>\n\n    \n    <\/a>[\/vc_column][\/vc_row][vc_row][vc_column]<div class=\"edgt-separator-holder clearfix  edgt-separator-center edgt-separator-full-width\">\n\t<div class=\"edgt-separator\" style=\"border-color: #e9e9e9;border-style: solid;border-bottom-width: 1px;margin-top: 5px;margin-bottom: 5px\"><\/div>\n<\/div>\n[\/vc_column][\/vc_row][vc_row row_content_width=&#8221;grid&#8221; css=&#8221;.vc_custom_1493283608340{padding-top: 100px !important;padding-bottom: 100px !important;}&#8221;][vc_column]<div class=\"edgt-process-holder process-text-right \">\n    <div class=\"edgt-process-inner\">\n                    <div class=\"edgt-process-image\">\n                <img width=\"1640\" height=\"1349\" src=\"https:\/\/rene-gaston-lagorre.fr\/wp-content\/uploads\/2023\/07\/3.Berger.-Le-Berger-Fromager.-Hst-49x73cm.jpg\" class=\"attachment-full size-full\" alt=\"Le Berger Fromager\" decoding=\"async\" loading=\"lazy\" srcset=\"https:\/\/rene-gaston-lagorre.fr\/wp-content\/uploads\/2023\/07\/3.Berger.-Le-Berger-Fromager.-Hst-49x73cm.jpg 1640w, https:\/\/rene-gaston-lagorre.fr\/wp-content\/uploads\/2023\/07\/3.Berger.-Le-Berger-Fromager.-Hst-49x73cm-600x494.jpg 600w, https:\/\/rene-gaston-lagorre.fr\/wp-content\/uploads\/2023\/07\/3.Berger.-Le-Berger-Fromager.-Hst-49x73cm-300x247.jpg 300w, https:\/\/rene-gaston-lagorre.fr\/wp-content\/uploads\/2023\/07\/3.Berger.-Le-Berger-Fromager.-Hst-49x73cm-1024x842.jpg 1024w, https:\/\/rene-gaston-lagorre.fr\/wp-content\/uploads\/2023\/07\/3.Berger.-Le-Berger-Fromager.-Hst-49x73cm-768x632.jpg 768w, https:\/\/rene-gaston-lagorre.fr\/wp-content\/uploads\/2023\/07\/3.Berger.-Le-Berger-Fromager.-Hst-49x73cm-1536x1263.jpg 1536w\" sizes=\"(max-width: 1640px) 100vw, 1640px\" \/>            <\/div>\n        \n                <div class=\"edgt-process-text-holder\">\n            \n                        <h2 class=\"edgt-process-title\">\n                Lecture d\u2019une \u0153uvre, \u201cLe berger-fromager\u201d par Brigitte Gaston-Lagorre             <\/h2>\n                                <p class=\"process-text\">La fabrication du fromage dans les cabanes d&#039;estive du Haut-Couserans ob\u00e9it depuis toujours \u00e0 un rite. Lagorre choisit de repr\u00e9senter cette sc\u00e8ne dont Brigitte Gaston-Lagorre propose un commentaire.<\/p>\n                <\/div>\n                    <div class=\"edgt-process-number\">03<\/div>\n        <\/div>\n<\/div><a itemprop=\"url\" href=\"https:\/\/rene-gaston-lagorre.fr\/index.php\/lecture-comparee-le-berger-brigitte-gaston-lagorre\/\" target=\"_self\"  class=\"edgt-btn edgt-btn-medium edgt-btn-solid dark\"  >\n    <span class=\"edgt-btn-text\">LIRE PLUS<\/span>\n\n    \n    <\/a>[\/vc_column][\/vc_row][vc_row][vc_column]<div class=\"edgt-separator-holder clearfix  edgt-separator-center edgt-separator-full-width\">\n\t<div class=\"edgt-separator\" style=\"border-color: #e9e9e9;border-style: solid;border-bottom-width: 1px;margin-top: 5px;margin-bottom: 5px\"><\/div>\n<\/div>\n[\/vc_column][\/vc_row][vc_row row_content_width=&#8221;grid&#8221; css=&#8221;.vc_custom_1493283590395{padding-top: 100px !important;padding-bottom: 100px !important;}&#8221;][vc_column]<div class=\"edgt-process-holder process-text-left \">\n    <div class=\"edgt-process-inner\">\n                <div class=\"edgt-process-text-holder\">\n            \n                        <h2 class=\"edgt-process-title\">\n            De l\u2019importance du chien dans l\u2019\u0153uvre de Lagorre        <\/h2>\n                        <p class=\"process-text\">Il figure aux c\u00f4t\u00e9s de Bacchus enfant quand celui-ci s&#039;amuse dans les vignes, il accompagne l&#039;errance des Gitans, se montre aux c\u00f4t\u00e9s des marins pr\u00eats \u00e0 embarquer, se glisse parmi les jeunes gens qui se baignent sur la plage ou le long de l&#039;Esbintz, participe \u00e0 la f\u00eate au cirque ou \u00e0 Venise et demeure l&#039;ami fid\u00e8le du berger. Sur les toiles de Lagorre, l&#039;omnipr\u00e9sence du chien est significative.<\/p>\n            <\/div>\n                <div class=\"edgt-process-image\">\n            <img width=\"971\" height=\"809\" src=\"https:\/\/rene-gaston-lagorre.fr\/wp-content\/uploads\/2023\/07\/27.Berger-assis.jpg\" class=\"attachment-full size-full\" alt=\"Berger assis et son chien.\" decoding=\"async\" loading=\"lazy\" srcset=\"https:\/\/rene-gaston-lagorre.fr\/wp-content\/uploads\/2023\/07\/27.Berger-assis.jpg 971w, https:\/\/rene-gaston-lagorre.fr\/wp-content\/uploads\/2023\/07\/27.Berger-assis-600x500.jpg 600w, https:\/\/rene-gaston-lagorre.fr\/wp-content\/uploads\/2023\/07\/27.Berger-assis-300x250.jpg 300w, https:\/\/rene-gaston-lagorre.fr\/wp-content\/uploads\/2023\/07\/27.Berger-assis-768x640.jpg 768w\" sizes=\"(max-width: 971px) 100vw, 971px\" \/>        <\/div>\n                <div class=\"edgt-process-number\">04<\/div>\n    <\/div>\n<\/div><a itemprop=\"url\" href=\"https:\/\/rene-gaston-lagorre.fr\/index.php\/de-limportance-du-chien-dans-loeuvre-de-lagorre-lecture-doeuvre\/\" target=\"_self\"  class=\"edgt-btn edgt-btn-medium edgt-btn-solid dark\"  >\n    <span class=\"edgt-btn-text\">LIRE PLUS<\/span>\n\n    \n    <\/a>[\/vc_column][\/vc_row][vc_row][vc_column]<div class=\"edgt-separator-holder clearfix  edgt-separator-center edgt-separator-full-width\">\n\t<div class=\"edgt-separator\" style=\"border-color: #e9e9e9;border-style: solid;border-bottom-width: 1px;margin-top: 5px;margin-bottom: 5px\"><\/div>\n<\/div>\n[\/vc_column][\/vc_row][vc_row row_content_width=&#8221;grid&#8221; css=&#8221;.vc_custom_1493283608340{padding-top: 100px !important;padding-bottom: 100px !important;}&#8221;][vc_column]<div class=\"edgt-process-holder process-text-right \">\n    <div class=\"edgt-process-inner\">\n                    <div class=\"edgt-process-image\">\n                <img width=\"300\" height=\"400\" src=\"https:\/\/rene-gaston-lagorre.fr\/wp-content\/uploads\/2023\/07\/5.Isard_.-gouache2.jpg\" class=\"attachment-full size-full\" alt=\"Isard.\" decoding=\"async\" loading=\"lazy\" srcset=\"https:\/\/rene-gaston-lagorre.fr\/wp-content\/uploads\/2023\/07\/5.Isard_.-gouache2.jpg 300w, https:\/\/rene-gaston-lagorre.fr\/wp-content\/uploads\/2023\/07\/5.Isard_.-gouache2-225x300.jpg 225w\" sizes=\"(max-width: 300px) 100vw, 300px\" \/>            <\/div>\n        \n                <div class=\"edgt-process-text-holder\">\n            \n                        <h2 class=\"edgt-process-title\">\n                Le bestiaire de Lagorre             <\/h2>\n                                <p class=\"process-text\">B\u00eates sauvages et animaux domestiques se c\u00f4toient sur les toiles du peintre mais ici, point d&#039;animaux fantastiques. Tous sont emprunt\u00e9s \u00e0 la r\u00e9alit\u00e9 du lieu, tous t\u00e9moignent de la longue et lointaine relation qui unissent les animaux aux hommes...<\/p>\n                <\/div>\n                    <div class=\"edgt-process-number\">05<\/div>\n        <\/div>\n<\/div><a itemprop=\"url\" href=\"https:\/\/rene-gaston-lagorre.fr\/index.php\/le-bestiaire-de-lagorre-lecture-doeuvre\/\" target=\"_self\"  class=\"edgt-btn edgt-btn-medium edgt-btn-solid dark\"  >\n    <span class=\"edgt-btn-text\">LIRE PLUS<\/span>\n\n    \n    <\/a>[\/vc_column][\/vc_row][vc_row][vc_column]<div class=\"edgt-separator-holder clearfix  edgt-separator-center edgt-separator-full-width\">\n\t<div class=\"edgt-separator\" style=\"border-color: #e9e9e9;border-style: solid;border-bottom-width: 1px;margin-top: 5px;margin-bottom: 5px\"><\/div>\n<\/div>\n[\/vc_column][\/vc_row]<\/p>\n","protected":false},"excerpt":{"rendered":"<p>[vc_row row_type=&#8221;parallax&#8221; parallax_background_image=&#8221;561&#8243;][vc_column][\/vc_column][\/vc_row][vc_row row_content_width=&#8221;grid&#8221; css=&#8221;.vc_custom_1493283590395{padding-top: 100px !important;padding-bottom: 100px !important;}&#8221;][vc_column][\/vc_column][\/vc_row][vc_row][vc_column][\/vc_column][\/vc_row][vc_row row_content_width=&#8221;grid&#8221; css=&#8221;.vc_custom_1493283608340{padding-top: 100px !important;padding-bottom: 100px !important;}&#8221;][vc_column][\/vc_column][\/vc_row][vc_row][vc_column][\/vc_column][\/vc_row][vc_row row_content_width=&#8221;grid&#8221; css=&#8221;.vc_custom_1493283590395{padding-top: 100px !important;padding-bottom: 100px !important;}&#8221;][vc_column][\/vc_column][\/vc_row][vc_row][vc_column][\/vc_column][\/vc_row][vc_row row_content_width=&#8221;grid&#8221; css=&#8221;.vc_custom_1493283608340{padding-top: 100px !important;padding-bottom: 100px !important;}&#8221;][vc_column][\/vc_column][\/vc_row][vc_row][vc_column][\/vc_column][\/vc_row][vc_row row_content_width=&#8221;grid&#8221; css=&#8221;.vc_custom_1493283590395{padding-top: 100px !important;padding-bottom: 100px !important;}&#8221;][vc_column][\/vc_column][\/vc_row][vc_row][vc_column][\/vc_column][\/vc_row][vc_row row_content_width=&#8221;grid&#8221; css=&#8221;.vc_custom_1493283608340{padding-top: 100px !important;padding-bottom: 100px !important;}&#8221;][vc_column][\/vc_column][\/vc_row][vc_row][vc_column][\/vc_column][\/vc_row]<\/p>\n","protected":false},"author":1,"featured_media":14098,"parent":0,"menu_order":0,"comment_status":"closed","ping_status":"closed","template":"full-width.php","meta":[],"_links":{"self":[{"href":"https:\/\/rene-gaston-lagorre.fr\/index.php\/wp-json\/wp\/v2\/pages\/14355"}],"collection":[{"href":"https:\/\/rene-gaston-lagorre.fr\/index.php\/wp-json\/wp\/v2\/pages"}],"about":[{"href":"https:\/\/rene-gaston-lagorre.fr\/index.php\/wp-json\/wp\/v2\/types\/page"}],"author":[{"embeddable":true,"href":"https:\/\/rene-gaston-lagorre.fr\/index.php\/wp-json\/wp\/v2\/users\/1"}],"replies":[{"embeddable":true,"href":"https:\/\/rene-gaston-lagorre.fr\/index.php\/wp-json\/wp\/v2\/comments?post=14355"}],"version-history":[{"count":16,"href":"https:\/\/rene-gaston-lagorre.fr\/index.php\/wp-json\/wp\/v2\/pages\/14355\/revisions"}],"predecessor-version":[{"id":15216,"href":"https:\/\/rene-gaston-lagorre.fr\/index.php\/wp-json\/wp\/v2\/pages\/14355\/revisions\/15216"}],"wp:featuredmedia":[{"embeddable":true,"href":"https:\/\/rene-gaston-lagorre.fr\/index.php\/wp-json\/wp\/v2\/media\/14098"}],"wp:attachment":[{"href":"https:\/\/rene-gaston-lagorre.fr\/index.php\/wp-json\/wp\/v2\/media?parent=14355"}],"curies":[{"name":"wp","href":"https:\/\/api.w.org\/{rel}","templated":true}]}}