{"id":14601,"date":"2023-08-26T17:04:37","date_gmt":"2023-08-26T15:04:37","guid":{"rendered":"https:\/\/rene-gaston-lagorre.fr\/?page_id=14601"},"modified":"2023-09-02T09:46:14","modified_gmt":"2023-09-02T07:46:14","slug":"la-sainte-trinite-sainte-anne-la-vierge-et-l-enfant-1938-par-louis-carsalade","status":"publish","type":"page","link":"https:\/\/rene-gaston-lagorre.fr\/index.php\/la-sainte-trinite-sainte-anne-la-vierge-et-l-enfant-1938-par-louis-carsalade\/","title":{"rendered":"La sainte Trinit\u00e9. Sainte Anne, la Vierge et l\u2019Enfant.1938, par Louis Carsalade"},"content":{"rendered":"<p>[vc_row row_type=&#8221;parallax&#8221; parallax_background_image=&#8221;106&#8243;][vc_column]<div class=\"edgt-elements-holder   edgt-one-column  edgt-responsive-mode-768 edgt-one-column-alignment-center\" ><div class=\"edgt-eh-item   edgt-horizontal-alignment-center \"  data-item-class=\"edgt-eh-custom-2158\">\n\t<div class=\"edgt-eh-item-inner\">\n\t\t<div class=\"edgt-eh-item-content edgt-eh-custom-2158\" style=\"padding: 11% 0%\">\n\t\t\t[vc_column_text]<\/p>\n<h6><span style=\"color: #ffffff;\">Lecture d&#8217;oeuvres<br \/>\n<\/span><\/h6>\n<p>[\/vc_column_text][vc_empty_space height=&#8221;8px&#8221;][vc_column_text]<\/p>\n<h1><span style=\"color: #ffffff;\"><strong>La Sainte Trinit\u00e9<\/strong><\/span><\/h1>\n<p>[\/vc_column_text]\t\t<\/div>\n\t<\/div>\n<\/div><\/div>[\/vc_column][\/vc_row][vc_row row_content_width=&#8221;grid&#8221; css=&#8221;.vc_custom_1493283590395{padding-top: 100px !important;padding-bottom: 100px !important;}&#8221;][vc_column]<div class=\"edgt-process-holder process-text-left \">\n    <div class=\"edgt-process-inner\">\n                <div class=\"edgt-process-text-holder\">\n                            <span class=\"process-subtitle\"> La Sainte Trinit\u00e9. \u00c9glise de Saint-Laurent-sur-Save. Ch\u0153ur. 1938. 324x650cm<\/span>\n            \n                        <h2 class=\"edgt-process-title\">\n            La Sainte Trinit\u00e9        <\/h2>\n                        <p class=\"process-text\">C\u2019est la toute premi\u00e8re de ses \u0153uvres de grandes dimensions. Le dogme de la Trinit\u00e9 est instaur\u00e9 par le Concile de Nic\u00e9e, r\u00e9uni par l\u2019empereur Constantin, en l\u2019an 325. C\u2019est le myst\u00e8re principal du christianisme catholique. Les trois personnes divines, masculines selon la tradition h\u00e9bra\u00efque, parfaitement \u00e9gales, sont repr\u00e9sent\u00e9es ici dans la tradition m\u00e9di\u00e9vale et moderne. Le P\u00e8re, un vieillard noble et serein, soutient la croix du Fils, pantelant, supplici\u00e9 pour le rachat des hommes, inspir\u00e9 par l\u2019Esprit qu\u2019incarne la traditionnelle colombe. Le peintre a manifestement privil\u00e9gi\u00e9 le Crucifi\u00e9 de l\u2019\u00c9vangile qui domine le s\u00e9jour terrestre o\u00f9 l\u2019on retrouve les montagnes de l\u2019Ari\u00e8ge. Le tableau s\u2019\u00e9claire par son registre inf\u00e9rieur et s\u2019assombrit dans le haut, peut-\u00eatre pour souligner le myst\u00e8re c\u00e9leste ou, plus simplement, selon la volont\u00e9 de l\u2019artiste, pour ne pas rivaliser avec la luminosit\u00e9 des vitraux du ch\u0153ur.<\/p>\n            <\/div>\n                <div class=\"edgt-process-image\">\n            <img width=\"1702\" height=\"2560\" src=\"https:\/\/rene-gaston-lagorre.fr\/wp-content\/uploads\/2023\/06\/20.-Sainte-Trinite.Hst_.-650x324cm.-1938-scaled.jpg\" class=\"attachment-full size-full\" alt=\"St Laurent. la Sainte Trinit\u00e9\" decoding=\"async\" loading=\"lazy\" srcset=\"https:\/\/rene-gaston-lagorre.fr\/wp-content\/uploads\/2023\/06\/20.-Sainte-Trinite.Hst_.-650x324cm.-1938-scaled.jpg 1702w, https:\/\/rene-gaston-lagorre.fr\/wp-content\/uploads\/2023\/06\/20.-Sainte-Trinite.Hst_.-650x324cm.-1938-scaled-600x902.jpg 600w, https:\/\/rene-gaston-lagorre.fr\/wp-content\/uploads\/2023\/06\/20.-Sainte-Trinite.Hst_.-650x324cm.-1938-199x300.jpg 199w, https:\/\/rene-gaston-lagorre.fr\/wp-content\/uploads\/2023\/06\/20.-Sainte-Trinite.Hst_.-650x324cm.-1938-681x1024.jpg 681w, https:\/\/rene-gaston-lagorre.fr\/wp-content\/uploads\/2023\/06\/20.-Sainte-Trinite.Hst_.-650x324cm.-1938-768x1155.jpg 768w, https:\/\/rene-gaston-lagorre.fr\/wp-content\/uploads\/2023\/06\/20.-Sainte-Trinite.Hst_.-650x324cm.-1938-1021x1536.jpg 1021w, https:\/\/rene-gaston-lagorre.fr\/wp-content\/uploads\/2023\/06\/20.-Sainte-Trinite.Hst_.-650x324cm.-1938-1362x2048.jpg 1362w\" sizes=\"(max-width: 1702px) 100vw, 1702px\" \/>        <\/div>\n                <div class=\"edgt-process-number\">01<\/div>\n    <\/div>\n<\/div>[\/vc_column][\/vc_row][vc_row row_content_width=&#8221;grid&#8221; css=&#8221;.vc_custom_1493283590395{padding-top: 100px !important;padding-bottom: 100px !important;}&#8221;][vc_column]<div class=\"edgt-process-holder process-text-left \">\n    <div class=\"edgt-process-inner\">\n                <div class=\"edgt-process-text-holder\">\n                            <span class=\"process-subtitle\"> Sainte Anne, la Vierge et l\u2019Enfant. \u00c9glise de Saint-Laurent-sur-Save.1938. 324X650cm<\/span>\n            \n                        <h2 class=\"edgt-process-title\">\n            Sainte Anne, la Vierge et l\u2019Enfant.        <\/h2>\n                        <p class=\"process-text\">On retrouve le m\u00eame souci dans la seconde composition qui fait pendant \u00e0 la premi\u00e8re et l\u2019\u00e9quilibre. Elle illustre un autre myst\u00e8re, la filiation f\u00e9minine du Christ. Marie est la m\u00e8re de Dieu, elle-m\u00eame fille de sainte Anne. A part les trois aur\u00e9oles, il n\u2019y a aucune symbolique dans ce groupe qui figure une famille matriarcale. La lumi\u00e8re du registre inf\u00e9rieur semble provenir des visages, calmes, sereins, rayonnants, tandis qu\u2019en haut, dans le ciel myst\u00e9rieux, on devine les s\u00e9raphins qui d\u00e9ploient leurs draperies protectrices. Devant le groupe, l\u2019artiste a plac\u00e9 \u00ab Jean l\u2019Immergeur \u00bb, le Baptiste, qui pr\u00e9c\u00e8de et annonce J\u00e9sus, et qui porte d\u00e9j\u00e0, sa ceinture de peau sur la hanche.<\/p>\n            <\/div>\n                <div class=\"edgt-process-image\">\n            <img width=\"1702\" height=\"2560\" src=\"https:\/\/rene-gaston-lagorre.fr\/wp-content\/uploads\/2023\/06\/21.-Vierge-a-lEnfant.Hst_.-650x324cm.-1938-scaled.jpg\" class=\"attachment-full size-full\" alt=\"St Laurent. Vierge \u00e0 l&#039;Enfant\" decoding=\"async\" loading=\"lazy\" srcset=\"https:\/\/rene-gaston-lagorre.fr\/wp-content\/uploads\/2023\/06\/21.-Vierge-a-lEnfant.Hst_.-650x324cm.-1938-scaled.jpg 1702w, https:\/\/rene-gaston-lagorre.fr\/wp-content\/uploads\/2023\/06\/21.-Vierge-a-lEnfant.Hst_.-650x324cm.-1938-scaled-600x902.jpg 600w, https:\/\/rene-gaston-lagorre.fr\/wp-content\/uploads\/2023\/06\/21.-Vierge-a-lEnfant.Hst_.-650x324cm.-1938-199x300.jpg 199w, https:\/\/rene-gaston-lagorre.fr\/wp-content\/uploads\/2023\/06\/21.-Vierge-a-lEnfant.Hst_.-650x324cm.-1938-681x1024.jpg 681w, https:\/\/rene-gaston-lagorre.fr\/wp-content\/uploads\/2023\/06\/21.-Vierge-a-lEnfant.Hst_.-650x324cm.-1938-768x1155.jpg 768w, https:\/\/rene-gaston-lagorre.fr\/wp-content\/uploads\/2023\/06\/21.-Vierge-a-lEnfant.Hst_.-650x324cm.-1938-1021x1536.jpg 1021w, https:\/\/rene-gaston-lagorre.fr\/wp-content\/uploads\/2023\/06\/21.-Vierge-a-lEnfant.Hst_.-650x324cm.-1938-1362x2048.jpg 1362w\" sizes=\"(max-width: 1702px) 100vw, 1702px\" \/>        <\/div>\n                <div class=\"edgt-process-number\">02<\/div>\n    <\/div>\n<\/div>[\/vc_column][\/vc_row][vc_row][vc_column]<div class=\"edgt-separator-holder clearfix  edgt-separator-center edgt-separator-full-width\">\n\t<div class=\"edgt-separator\" style=\"border-color: #e9e9e9;border-style: solid;border-bottom-width: 1px;margin-top: 5px;margin-bottom: 5px\"><\/div>\n<\/div>\n[\/vc_column][\/vc_row][vc_row row_content_width=&#8221;grid&#8221; css=&#8221;.vc_custom_1493283573780{padding-top: 100px !important;padding-bottom: 100px !important;}&#8221;][vc_column]<div class=\"edgt-process-holder process-text-right \">\n    <div class=\"edgt-process-inner\">\n        \n                <div class=\"edgt-process-text-holder\">\n            \n                        <h2 class=\"edgt-process-title\">\n                Louis Carsalade             <\/h2>\n                                <p class=\"process-text\">L\u2019instituteur qu\u2019il \u00e9tait, ancien hussard de la R\u00e9publique, avait su innover dans l\u2019\u00e9cole communale de Saint-Laurent- sur-Save o\u00f9 il enseigna avec son \u00e9pouse. Humaniste, homme de culture et de r\u00e9flexion, Louis Carsalade fut consid\u00e9r\u00e9 par le peintre comme l\u2019un de ses meilleurs amis. Louis Carsalade est mort en 2011, \u00e0 90 ans. On lui doit un livre \u00ab Lagorre en Haute-Save \u00bb, publi\u00e9 par l\u2019Association Sav\u00e8s Patrimoine et l\u2019Office Municipal de L\u2019Isle-en-Dodon,<\/p>\n                <\/div>\n                <\/div>\n<\/div>[\/vc_column][\/vc_row]<\/p>\n","protected":false},"excerpt":{"rendered":"<p>[vc_row row_type=&#8221;parallax&#8221; parallax_background_image=&#8221;106&#8243;][vc_column][\/vc_column][\/vc_row][vc_row row_content_width=&#8221;grid&#8221; css=&#8221;.vc_custom_1493283590395{padding-top: 100px !important;padding-bottom: 100px !important;}&#8221;][vc_column][\/vc_column][\/vc_row][vc_row row_content_width=&#8221;grid&#8221; css=&#8221;.vc_custom_1493283590395{padding-top: 100px !important;padding-bottom: 100px !important;}&#8221;][vc_column][\/vc_column][\/vc_row][vc_row][vc_column][\/vc_column][\/vc_row][vc_row row_content_width=&#8221;grid&#8221; css=&#8221;.vc_custom_1493283573780{padding-top: 100px !important;padding-bottom: 100px !important;}&#8221;][vc_column][\/vc_column][\/vc_row]<\/p>\n","protected":false},"author":1,"featured_media":0,"parent":0,"menu_order":0,"comment_status":"closed","ping_status":"closed","template":"full-width.php","meta":[],"_links":{"self":[{"href":"https:\/\/rene-gaston-lagorre.fr\/index.php\/wp-json\/wp\/v2\/pages\/14601"}],"collection":[{"href":"https:\/\/rene-gaston-lagorre.fr\/index.php\/wp-json\/wp\/v2\/pages"}],"about":[{"href":"https:\/\/rene-gaston-lagorre.fr\/index.php\/wp-json\/wp\/v2\/types\/page"}],"author":[{"embeddable":true,"href":"https:\/\/rene-gaston-lagorre.fr\/index.php\/wp-json\/wp\/v2\/users\/1"}],"replies":[{"embeddable":true,"href":"https:\/\/rene-gaston-lagorre.fr\/index.php\/wp-json\/wp\/v2\/comments?post=14601"}],"version-history":[{"count":9,"href":"https:\/\/rene-gaston-lagorre.fr\/index.php\/wp-json\/wp\/v2\/pages\/14601\/revisions"}],"predecessor-version":[{"id":14995,"href":"https:\/\/rene-gaston-lagorre.fr\/index.php\/wp-json\/wp\/v2\/pages\/14601\/revisions\/14995"}],"wp:attachment":[{"href":"https:\/\/rene-gaston-lagorre.fr\/index.php\/wp-json\/wp\/v2\/media?parent=14601"}],"curies":[{"name":"wp","href":"https:\/\/api.w.org\/{rel}","templated":true}]}}