{"id":1486,"date":"2023-07-12T17:16:46","date_gmt":"2023-07-12T15:16:46","guid":{"rendered":"https:\/\/rene-gaston-lagorre.fr\/?page_id=1486"},"modified":"2023-09-01T21:32:05","modified_gmt":"2023-09-01T19:32:05","slug":"seix-et-paris-deux-ports-dattache-indefectibles","status":"publish","type":"page","link":"https:\/\/rene-gaston-lagorre.fr\/index.php\/seix-et-paris-deux-ports-dattache-indefectibles\/","title":{"rendered":"Seix et Paris, deux ports d\u2019attache ind\u00e9fectibles"},"content":{"rendered":"<p>[vc_row][vc_column][vc_column_text]Nul doute que les dessins, gouaches et toiles consacr\u00e9es au village de Seix en Ari\u00e8ge susciteront l\u2019engouement des habitants qui jamais n\u2019ont eu l\u2019occasion de les voir puisque Lagorre en peint quasiment chaque rue.<\/p>\r\n\r\n<p>C\u2019est ici m\u00eame, \u00e0 Seix, qu\u2019est n\u00e9 le p\u00e8re du peintre et qu\u2019une partie de sa famille r\u00e9side. Ici qu\u2019il continue de fr\u00e9quenter des amis connus quand il \u00e9tait adolescent. Ici qu\u2019il a arpent\u00e9 les versants des montagnes pour en restituer la splendeur sur ses toiles. Ici qu\u2019il poss\u00e8de \u00e9galement une minuscule maison o\u00f9 il a am\u00e9nag\u00e9 son atelier dans une venelle, \u00e0 la sortie du village. Quelques dessins repr\u00e9sentent d\u2019ailleurs des vues du ch\u00e2teau de Seix aper\u00e7u depuis la fen\u00eatre de cette maison.<\/p>\r\n\r\n<p>A Seix, son village d\u2019adoption, on surnomme gentiment et famili\u00e8rement Lagorre le \u00ab\u00a0<em>pintrou<\/em>\u00a0\u00bb. Tout le monde le conna\u00eet, le reconna\u00eet, l\u2019arr\u00eate dans la rue pour bavarder un peu et, le sachant seul, l\u2019invite bien souvent, au regard de sa gentillesse l\u00e9gendaire. A Seix, Lagorre est chez lui. C\u2019est dans ce village que chaque \u00e9t\u00e9 se tiendra \u00e0 la mairie, dans la salle des mariages, une exposition qui lui est consacr\u00e9e pour le plus grand plaisir des habitants qui attendent avec impatience cet \u00e9v\u00e9nement.<\/p>\r\n\r\n<p>Si le peintre avait pour habitude de voyager, s\u2019il a poss\u00e9d\u00e9 un temps la villa Bettina \u00e0 Golfe Juan, toute sa vie durant il ne gardera que ces deux points d\u2019ancrage\u00a0: Seix et Paris.<\/p>\r\n\r\n<p>Mais ne nous y trompons pas\u00a0! Sa vie parisienne, Lagorre y tient tout autant,\u00a0pour des raisons quasi inversement proportionnelles !<\/p>\r\n\r\n<p>Car Paris, c\u2019est un peu l\u2019envers de Seix. Il poss\u00e8de dans la capitale un appartement situ\u00e9 dans le XV<sup>e<\/sup> arrondissement. L\u00e0 il peut jouir d\u2019un r\u00e9el anonymat sans jamais \u00eatre importun\u00e9. Ne pas \u00eatre reconnu lui permet en toute impunit\u00e9 de courir \u00e0 son gr\u00e9 les expositions, d\u2019aller \u00e0 l\u2019op\u00e9ra et de fr\u00e9quenter d\u2019autres artistes car \u00e0 Paris, comme chacun sait, il se passe toujours quelque chose, surtout dans le domaine artistique o\u00f9 la centralisation de la vie artistique est \u00e0 l\u2019\u00e9poque bien plus importante encore que de nos jours\u00a0! La vie parisienne le happe et s\u2019il travaille t\u00f4t le matin, il se couche bien souvent tardivement.<\/p>\r\n\r\n<p>Et Lagorre peint Paris avec une pr\u00e9dilection tr\u00e8s nette pour l\u2019\u00eele de la Cit\u00e9, Notre-Dame, les Jardins du Luxembourg et pour la Seine aussi et les ponts qui l\u2019enjambent&#8230;<\/p>\r\n<p>[\/vc_column_text][\/vc_column][\/vc_row][vc_row][vc_column][vc_empty_space]<div class=\"edgt-portfolio-list-holder edgt-pl-gallery edgt-pl-normal-space edgt-pl-three-columns edgt-pl-standard-overlay light    edgt-pl-pag-no-pagination     \"  data-type=gallery data-space-between-items=normal data-number-of-items=-1 data-image-proportions=full data-enable-fixed-proportions=no data-enable-image-shadow=no data-category=seix-et-paris data-order-by=date data-order=ASC data-item-style=standard-overlay data-item-style-skin=light data-enable-title=yes data-title-tag=h4 data-title-text-transform=uppercase data-enable-category=yes data-enable-like=no data-enable-count-images=yes data-enable-excerpt=no data-excerpt-length=20 data-pagination-type=no-pagination data-filter=no data-filter-order-by=name data-enable-article-parallax-animation=no data-portfolio-slider-on=no data-enable-loop=yes data-enable-autoplay=yes data-slider-speed=5000 data-slider-speed-animation=600 data-enable-navigation=yes data-enable-pagination=yes data-max-num-pages=0 data-next-page=2>\n\t\t\n\t<div class=\"edgt-pl-inner  clearfix\">\n\t\t\n<article class=\"edgt-pl-item  post-12419 portfolio-item type-portfolio-item status-publish has-post-thumbnail hentry portfolio-category-paysages portfolio-category-seix portfolio-category-seix-et-paris\">\n\t<div class=\"edgt-pl-item-inner\" >\n\t\t<div class=\"edgt-pli-image\">\n\t\t\t<img width=\"1189\" height=\"855\" src=\"https:\/\/rene-gaston-lagorre.fr\/wp-content\/uploads\/2023\/07\/21.Seix_.Pont-de-Bagneres.carte-de-voeux.jpg\" class=\"attachment-full size-full wp-post-image\" alt=\"Seix. Pont-de-Bagn\u00e8res\" decoding=\"async\" loading=\"lazy\" srcset=\"https:\/\/rene-gaston-lagorre.fr\/wp-content\/uploads\/2023\/07\/21.Seix_.Pont-de-Bagneres.carte-de-voeux.jpg 1189w, https:\/\/rene-gaston-lagorre.fr\/wp-content\/uploads\/2023\/07\/21.Seix_.Pont-de-Bagneres.carte-de-voeux-600x431.jpg 600w, https:\/\/rene-gaston-lagorre.fr\/wp-content\/uploads\/2023\/07\/21.Seix_.Pont-de-Bagneres.carte-de-voeux-300x216.jpg 300w, https:\/\/rene-gaston-lagorre.fr\/wp-content\/uploads\/2023\/07\/21.Seix_.Pont-de-Bagneres.carte-de-voeux-1024x736.jpg 1024w, https:\/\/rene-gaston-lagorre.fr\/wp-content\/uploads\/2023\/07\/21.Seix_.Pont-de-Bagneres.carte-de-voeux-768x552.jpg 768w\" sizes=\"(max-width: 1189px) 100vw, 1189px\" \/>\t\t<\/div>\n<div class=\"edgt-pli-text-holder\">\n\t<div class=\"edgt-pli-text-wrapper\">\n\t\t<div class=\"edgt-pli-text\">\n\t\t\t\t<h4 itemprop=\"name\" class=\"edgt-pli-title entry-title\" style=\"text-transform: uppercase\">\n\t\tLe village de Seix (Ari\u00e8ge)\t<\/h4>\n\n\t\t\t\t\t<div class=\"edgt-pli-category-holder\">\n\t\t\t\t\t\t\t<a itemprop=\"url\" class=\"edgt-pli-category\" href=\"https:\/\/rene-gaston-lagorre.fr\/index.php\/portfolio-category\/paysages\/\">\"Paysages\"<\/a>\n\t\t\t\t\t\t\t<a itemprop=\"url\" class=\"edgt-pli-category\" href=\"https:\/\/rene-gaston-lagorre.fr\/index.php\/portfolio-category\/seix\/\">\"Seix\"<\/a>\n\t\t\t\t\t\t\t<a itemprop=\"url\" class=\"edgt-pli-category\" href=\"https:\/\/rene-gaston-lagorre.fr\/index.php\/portfolio-category\/seix-et-paris\/\">\"Seix et Paris\"<\/a>\n\t\t\t\t\t<\/div>\n\t\n\t\t\t    <div class=\"edgt-gli-number-of-images-holder\" >\n        <span>36 pics.<\/span>\n    <\/div>\n\n\n\t\t\t\t\t<\/div>\n\t<\/div>\n<\/div>\t\t\n\t\t<a itemprop=\"url\" class=\"edgt-pli-link edgt-block-drag-link\" href=\"https:\/\/rene-gaston-lagorre.fr\/index.php\/portfolio-item\/paysages-seix\/\" target=\"_self\"><\/a>\n\t<\/div>\n<\/article>\n<article class=\"edgt-pl-item  post-14492 portfolio-item type-portfolio-item status-publish has-post-thumbnail hentry portfolio-category-paris portfolio-category-seix-et-paris\">\n\t<div class=\"edgt-pl-item-inner\" >\n\t\t<div class=\"edgt-pli-image\">\n\t\t\t<img width=\"1964\" height=\"1477\" src=\"https:\/\/rene-gaston-lagorre.fr\/wp-content\/uploads\/2023\/07\/8.Paris_.-Le-quai-de-lhorloge1.jpg\" class=\"attachment-full size-full wp-post-image\" alt=\"Paris. Le quai de l&#039;horloge\" decoding=\"async\" loading=\"lazy\" srcset=\"https:\/\/rene-gaston-lagorre.fr\/wp-content\/uploads\/2023\/07\/8.Paris_.-Le-quai-de-lhorloge1.jpg 1964w, https:\/\/rene-gaston-lagorre.fr\/wp-content\/uploads\/2023\/07\/8.Paris_.-Le-quai-de-lhorloge1-600x451.jpg 600w, https:\/\/rene-gaston-lagorre.fr\/wp-content\/uploads\/2023\/07\/8.Paris_.-Le-quai-de-lhorloge1-300x226.jpg 300w, https:\/\/rene-gaston-lagorre.fr\/wp-content\/uploads\/2023\/07\/8.Paris_.-Le-quai-de-lhorloge1-1024x770.jpg 1024w, https:\/\/rene-gaston-lagorre.fr\/wp-content\/uploads\/2023\/07\/8.Paris_.-Le-quai-de-lhorloge1-768x578.jpg 768w, https:\/\/rene-gaston-lagorre.fr\/wp-content\/uploads\/2023\/07\/8.Paris_.-Le-quai-de-lhorloge1-1536x1155.jpg 1536w\" sizes=\"(max-width: 1964px) 100vw, 1964px\" \/>\t\t<\/div>\n<div class=\"edgt-pli-text-holder\">\n\t<div class=\"edgt-pli-text-wrapper\">\n\t\t<div class=\"edgt-pli-text\">\n\t\t\t\t<h4 itemprop=\"name\" class=\"edgt-pli-title entry-title\" style=\"text-transform: uppercase\">\n\t\tParis\t<\/h4>\n\n\t\t\t\t\t<div class=\"edgt-pli-category-holder\">\n\t\t\t\t\t\t\t<a itemprop=\"url\" class=\"edgt-pli-category\" href=\"https:\/\/rene-gaston-lagorre.fr\/index.php\/portfolio-category\/paris\/\">\"Paris\"<\/a>\n\t\t\t\t\t\t\t<a itemprop=\"url\" class=\"edgt-pli-category\" href=\"https:\/\/rene-gaston-lagorre.fr\/index.php\/portfolio-category\/seix-et-paris\/\">\"Seix et Paris\"<\/a>\n\t\t\t\t\t<\/div>\n\t\n\t\t\t    <div class=\"edgt-gli-number-of-images-holder\" >\n        <span>10 pics.<\/span>\n    <\/div>\n\n\n\t\t\t\t\t<\/div>\n\t<\/div>\n<\/div>\t\t\n\t\t<a itemprop=\"url\" class=\"edgt-pli-link edgt-block-drag-link\" href=\"https:\/\/rene-gaston-lagorre.fr\/index.php\/portfolio-item\/paris\/\" target=\"_self\"><\/a>\n\t<\/div>\n<\/article>\t<\/div>\n\t\n\t<\/div>[vc_empty_space][\/vc_column][\/vc_row]<\/p>","protected":false},"excerpt":{"rendered":"<p>[vc_row][vc_column][vc_column_text]Nul doute que les dessins, gouaches et toiles consacr\u00e9es au village de Seix en Ari\u00e8ge susciteront l\u2019engouement des habitants qui jamais n\u2019ont eu l\u2019occasion de les voir puisque Lagorre en peint quasiment chaque rue. C\u2019est ici m\u00eame, \u00e0 Seix, qu\u2019est n\u00e9 le p\u00e8re du peintre et [&hellip;]<\/p>\n","protected":false},"author":2,"featured_media":0,"parent":0,"menu_order":0,"comment_status":"closed","ping_status":"closed","template":"","meta":[],"_links":{"self":[{"href":"https:\/\/rene-gaston-lagorre.fr\/index.php\/wp-json\/wp\/v2\/pages\/1486"}],"collection":[{"href":"https:\/\/rene-gaston-lagorre.fr\/index.php\/wp-json\/wp\/v2\/pages"}],"about":[{"href":"https:\/\/rene-gaston-lagorre.fr\/index.php\/wp-json\/wp\/v2\/types\/page"}],"author":[{"embeddable":true,"href":"https:\/\/rene-gaston-lagorre.fr\/index.php\/wp-json\/wp\/v2\/users\/2"}],"replies":[{"embeddable":true,"href":"https:\/\/rene-gaston-lagorre.fr\/index.php\/wp-json\/wp\/v2\/comments?post=1486"}],"version-history":[{"count":7,"href":"https:\/\/rene-gaston-lagorre.fr\/index.php\/wp-json\/wp\/v2\/pages\/1486\/revisions"}],"predecessor-version":[{"id":14974,"href":"https:\/\/rene-gaston-lagorre.fr\/index.php\/wp-json\/wp\/v2\/pages\/1486\/revisions\/14974"}],"wp:attachment":[{"href":"https:\/\/rene-gaston-lagorre.fr\/index.php\/wp-json\/wp\/v2\/media?parent=1486"}],"curies":[{"name":"wp","href":"https:\/\/api.w.org\/{rel}","templated":true}]}}