{"id":15158,"date":"2023-09-05T21:35:03","date_gmt":"2023-09-05T19:35:03","guid":{"rendered":"https:\/\/rene-gaston-lagorre.fr\/?page_id=15158"},"modified":"2023-09-05T21:37:01","modified_gmt":"2023-09-05T19:37:01","slug":"ponts-et-passerelles-un-theme-recurrent","status":"publish","type":"page","link":"https:\/\/rene-gaston-lagorre.fr\/index.php\/ponts-et-passerelles-un-theme-recurrent\/","title":{"rendered":"Ponts et passerelles, un th\u00e8me r\u00e9current."},"content":{"rendered":"<p>[vc_row][vc_column][vc_column_text]Qu\u2019il surplombe un torrent imp\u00e9tueux , un ruisseau de vif-argent ou le paisible cours de la Seine, le pont appara\u00eet comme un motif r\u00e9current dans l\u2019\u0153uvre du peintre.<\/p>\r\n<p>\r\n\r\nDe Canaletto \u00e0 Turner en passant par Albert Marquet et bon nombre d\u2019impressionnistes, le motif pictural du pont est relativement courant, sans doute parce qu\u2019un pont est d\u2019abord le trait d\u2019union reliant deux rives et qu\u2019il acquiert \u00e0 ce titre une port\u00e9e hautement symbolique. Cependant, la mani\u00e8re dont Ren\u00e9 Gaston-Lagorre traite de ce th\u00e8me nous semble assez originale.<\/p>\r\n<p>\r\n\r\nLes ponts en milieu montagnard, d\u2019un c\u00f4t\u00e9 comme de l\u2019autre de la fronti\u00e8re, sont le plus souvent des ponts en arche de pierre. Dans ce milieu accident\u00e9, ils enjambent failles et ravins, devenant un passage oblig\u00e9, tr\u00e8s souvent p\u00e9rilleux qui, dans une nature sauvage parsem\u00e9e d\u2019emb\u00fbches, ouvre la voie, mettant \u00e0 l\u2019\u00e9preuve le courage de celui qui le franchit. Ces ponts l\u00e0 s\u2019inscrivent dans la tradition venue tout droit des contes m\u00e9di\u00e9vaux qui mettaient \u00e0 l\u2019\u00e9preuve la vaillance du futur chevalier.(1)<\/p>\r\n<p>\r\n\r\nSi le pont peut n\u2019 \u00eatre dans les peintures de Ren\u00e9 Gaston-Lagorre qu\u2019une structure de pierres magnifi\u00e9e par les couleurs automnales des sous-bois, s\u2019il se transforme parfois en fragile passerelle de bois comme il en existe tant en montagne, rendant la travers\u00e9e plus p\u00e9rilleuse encore, le pont acquiert aussi, au fil de ses \u0153uvres la dimension d\u2019un espace-fronti\u00e8re s\u00e9parant le haut du bas, opposant l\u2019ab\u00eeme des profondeurs \u00e0 l\u2019immensit\u00e9 de la vo\u00fbte c\u00e9leste. N\u2019en doutons pas, le pont est aussi dans l&#8217;\u0153uvre de Lagorre cet \u00e9l\u00e9ment horizontal qui, s\u2019il unit deux rives oppos\u00e9es op\u00e8re une s\u00e9paration horizontale entre le haut et le bas.<\/p>\r\n<p>\r\n\r\nFortement influenc\u00e9 par les impressionnistes \u00e0 ses d\u00e9buts, le peintre connaissait bien l\u2019\u0153uvre de Monet et tout particuli\u00e8rement le tableau intitul\u00e9 \u00ab\u00a0<em>Le pont japonais sur le bassin aux nymph\u00e9as \u00e0 Giverny<\/em>\u00a0\u00bb dat\u00e9 de 1899. Savait-il d\u00e9j\u00e0, lui dont les \u0153uvres seront plus tard expos\u00e9es \u00e0 Tokyo, que d\u2019une mani\u00e8re g\u00e9n\u00e9rale, on utilise le mot \u00ab\u00a0<em> hashi\u00a0\u00bb<\/em>\u00a0 pour d\u00e9signer le pont en japonais\u00a0? Savait-il alors que ce mot tr\u00e8s ancien est empreint d\u2019une notion de commencement et de passage vers la Lumi\u00e8re\u00a0?\u2026 Cette dimension peut \u00eatre prise en compte dans la repr\u00e9sentation des ponts qui s\u2019offrent \u00e0 nos yeux.<\/p>\r\n<p>\r\n\r\nLe peintre rel\u00e8gue pourtant parfois au second plan la dimension symbolique du pont au profit de la mise en valeur l\u00e0 encore d\u2019une forme d\u2019humanit\u00e9. Les ponts deviennent alors le cadre de sc\u00e8nes de vie quotidienne en milieu montagnard. Au fil des saisons, les paysans les franchissent tant\u00f4t en pleine lumi\u00e8re sous le soleil cru des ciels d\u2019\u00e9t\u00e9 tant\u00f4t sous la neige lors de tr\u00e8s rudes hivers. Et sur des passerelles aujourd\u2019hui disparues on aper\u00e7oit parfois des femmes qui bavardent, au c\u0153ur du village, tandis que l\u2019eau s\u2019\u00e9coule joyeusement sous leurs pieds.<\/p>\r\n<p>\r\n\r\n(1)La travers\u00e9e du <strong>Pont de l&#8217;\u00c9p\u00e9e<\/strong> dans Lancelot ou le Chevalier de la charrette de Chr\u00e9tien de Troyes constitue la deuxi\u00e8me \u00e9preuve pour Lancelot du lac, celle qui lui permettra d&#8217;aller dans le royaume de Baudemagus pour sauver la reine Gueni\u00e8vre. Le passage \u00ab\u00a0<em>plus tranchant qu\u2019une faux<\/em>\u00a0\u00bb au-dessus d\u2019un gouffre sans fond est d\u00e9fendu par des lions. Lancelot \u00ab\u00a0<em>apr\u00e8s avoir regard\u00e9 son anneau<\/em>\u00a0\u00bb, annule l\u2019enchantement et parvient sur l\u2019autre rive au prix de nombreuses souffrances. Le franchissement du <strong>Pont sous l\u2019Eau<\/strong> constitue une autre \u00e9preuve o\u00f9 le chevalier Gauvain manque de se noyer et est sauv\u00e9 par Lancelot.<\/p>\r\n\r\n\r\n\r\n<p>[\/vc_column_text][\/vc_column][\/vc_row][vc_row][vc_column][vc_empty_space]<div class=\"edgt-portfolio-list-holder edgt-pl-gallery edgt-pl-normal-space edgt-pl-three-columns edgt-pl-standard-overlay light    edgt-pl-pag-no-pagination     \"  data-type=gallery data-space-between-items=normal data-number-of-items=-1 data-image-proportions=full data-enable-fixed-proportions=no data-enable-image-shadow=no data-category=ponts-et-passerelles data-order-by=date data-order=ASC data-item-style=standard-overlay data-item-style-skin=light data-enable-title=yes data-title-tag=h4 data-title-text-transform=uppercase data-enable-category=yes data-enable-like=no data-enable-count-images=yes data-enable-excerpt=no data-excerpt-length=20 data-pagination-type=no-pagination data-filter=no data-filter-order-by=name data-enable-article-parallax-animation=no data-portfolio-slider-on=no data-enable-loop=yes data-enable-autoplay=yes data-slider-speed=5000 data-slider-speed-animation=600 data-enable-navigation=yes data-enable-pagination=yes data-max-num-pages=0 data-next-page=2>\n\t\t\n\t<div class=\"edgt-pl-inner  clearfix\">\n\t\t\n<article class=\"edgt-pl-item  post-14619 portfolio-item type-portfolio-item status-publish has-post-thumbnail hentry portfolio-category-ponts-et-passerelles\">\n\t<div class=\"edgt-pl-item-inner\" >\n\t\t<div class=\"edgt-pli-image\">\n\t\t\t<img width=\"2560\" height=\"2058\" src=\"https:\/\/rene-gaston-lagorre.fr\/wp-content\/uploads\/2023\/07\/22.Seix_.Pont-de-Bagneres-sous-la-neige.carte-de-voeux-Campot-scaled.jpg\" class=\"attachment-full size-full wp-post-image\" alt=\"Seix.Pont de Bagn\u00e8res sous la neige\" decoding=\"async\" loading=\"lazy\" srcset=\"https:\/\/rene-gaston-lagorre.fr\/wp-content\/uploads\/2023\/07\/22.Seix_.Pont-de-Bagneres-sous-la-neige.carte-de-voeux-Campot-scaled.jpg 2560w, https:\/\/rene-gaston-lagorre.fr\/wp-content\/uploads\/2023\/07\/22.Seix_.Pont-de-Bagneres-sous-la-neige.carte-de-voeux-Campot-scaled-600x482.jpg 600w, https:\/\/rene-gaston-lagorre.fr\/wp-content\/uploads\/2023\/07\/22.Seix_.Pont-de-Bagneres-sous-la-neige.carte-de-voeux-Campot-300x241.jpg 300w, https:\/\/rene-gaston-lagorre.fr\/wp-content\/uploads\/2023\/07\/22.Seix_.Pont-de-Bagneres-sous-la-neige.carte-de-voeux-Campot-1024x823.jpg 1024w, https:\/\/rene-gaston-lagorre.fr\/wp-content\/uploads\/2023\/07\/22.Seix_.Pont-de-Bagneres-sous-la-neige.carte-de-voeux-Campot-768x617.jpg 768w, https:\/\/rene-gaston-lagorre.fr\/wp-content\/uploads\/2023\/07\/22.Seix_.Pont-de-Bagneres-sous-la-neige.carte-de-voeux-Campot-1536x1235.jpg 1536w\" sizes=\"(max-width: 2560px) 100vw, 2560px\" \/>\t\t<\/div>\n<div class=\"edgt-pli-text-holder\">\n\t<div class=\"edgt-pli-text-wrapper\">\n\t\t<div class=\"edgt-pli-text\">\n\t\t\t\t<h4 itemprop=\"name\" class=\"edgt-pli-title entry-title\" style=\"text-transform: uppercase\">\n\t\tPonts et passerelles\t<\/h4>\n\n\t\t\t\t\t<div class=\"edgt-pli-category-holder\">\n\t\t\t\t\t\t\t<a itemprop=\"url\" class=\"edgt-pli-category\" href=\"https:\/\/rene-gaston-lagorre.fr\/index.php\/portfolio-category\/ponts-et-passerelles\/\">\"Ponts et passerelles\"<\/a>\n\t\t\t\t\t<\/div>\n\t\n\t\t\t    <div class=\"edgt-gli-number-of-images-holder\" >\n        <span>32 pics.<\/span>\n    <\/div>\n\n\n\t\t\t\t\t<\/div>\n\t<\/div>\n<\/div>\t\t\n\t\t<a itemprop=\"url\" class=\"edgt-pli-link edgt-block-drag-link\" href=\"https:\/\/rene-gaston-lagorre.fr\/index.php\/portfolio-item\/ponts-et-passerelles\/\" target=\"_self\"><\/a>\n\t<\/div>\n<\/article>\t<\/div>\n\t\n\t<\/div>[vc_empty_space][\/vc_column][\/vc_row]<\/p>","protected":false},"excerpt":{"rendered":"<p>[vc_row][vc_column][vc_column_text]Qu\u2019il surplombe un torrent imp\u00e9tueux , un ruisseau de vif-argent ou le paisible cours de la Seine, le pont appara\u00eet comme un motif r\u00e9current dans l\u2019\u0153uvre du peintre. De Canaletto \u00e0 Turner en passant par Albert Marquet et bon nombre d\u2019impressionnistes, le motif pictural du pont [&hellip;]<\/p>\n","protected":false},"author":2,"featured_media":0,"parent":0,"menu_order":0,"comment_status":"closed","ping_status":"closed","template":"","meta":[],"_links":{"self":[{"href":"https:\/\/rene-gaston-lagorre.fr\/index.php\/wp-json\/wp\/v2\/pages\/15158"}],"collection":[{"href":"https:\/\/rene-gaston-lagorre.fr\/index.php\/wp-json\/wp\/v2\/pages"}],"about":[{"href":"https:\/\/rene-gaston-lagorre.fr\/index.php\/wp-json\/wp\/v2\/types\/page"}],"author":[{"embeddable":true,"href":"https:\/\/rene-gaston-lagorre.fr\/index.php\/wp-json\/wp\/v2\/users\/2"}],"replies":[{"embeddable":true,"href":"https:\/\/rene-gaston-lagorre.fr\/index.php\/wp-json\/wp\/v2\/comments?post=15158"}],"version-history":[{"count":5,"href":"https:\/\/rene-gaston-lagorre.fr\/index.php\/wp-json\/wp\/v2\/pages\/15158\/revisions"}],"predecessor-version":[{"id":15176,"href":"https:\/\/rene-gaston-lagorre.fr\/index.php\/wp-json\/wp\/v2\/pages\/15158\/revisions\/15176"}],"wp:attachment":[{"href":"https:\/\/rene-gaston-lagorre.fr\/index.php\/wp-json\/wp\/v2\/media?parent=15158"}],"curies":[{"name":"wp","href":"https:\/\/api.w.org\/{rel}","templated":true}]}}