{"id":15913,"date":"2025-07-14T18:23:27","date_gmt":"2025-07-14T16:23:27","guid":{"rendered":"https:\/\/rene-gaston-lagorre.fr\/?page_id=15913"},"modified":"2025-11-08T16:08:26","modified_gmt":"2025-11-08T15:08:26","slug":"jour-de-fete-a-sentenac-doust","status":"publish","type":"page","link":"https:\/\/rene-gaston-lagorre.fr\/index.php\/lecture-doeuvres\/jour-de-fete-a-sentenac-doust\/","title":{"rendered":"Jour de f\u00eate \u00e0 Sentenac d\u2019Oust"},"content":{"rendered":"<p>[vc_row][vc_column][vc_column_text]<\/p>\r\n<figure class=\"wp-block-image size-large is-resized\"><img decoding=\"async\" loading=\"lazy\" class=\"wp-image-15909\" src=\"http:\/\/rene-gaston-lagorre.fr\/wp-content\/uploads\/2025\/07\/Lagorre-Sentenac-fete-1024x860.jpeg\" alt=\"Jour de f\u00eate \u00e0 Sentenac d' Oust. Hst.\" width=\"768\" height=\"645\" srcset=\"https:\/\/rene-gaston-lagorre.fr\/wp-content\/uploads\/2025\/07\/Lagorre-Sentenac-fete-1024x860.jpeg 1024w, https:\/\/rene-gaston-lagorre.fr\/wp-content\/uploads\/2025\/07\/Lagorre-Sentenac-fete-300x252.jpeg 300w, https:\/\/rene-gaston-lagorre.fr\/wp-content\/uploads\/2025\/07\/Lagorre-Sentenac-fete-768x645.jpeg 768w, https:\/\/rene-gaston-lagorre.fr\/wp-content\/uploads\/2025\/07\/Lagorre-Sentenac-fete-1536x1290.jpeg 1536w, https:\/\/rene-gaston-lagorre.fr\/wp-content\/uploads\/2025\/07\/Lagorre-Sentenac-fete-1320x1109.jpeg 1320w, https:\/\/rene-gaston-lagorre.fr\/wp-content\/uploads\/2025\/07\/Lagorre-Sentenac-fete-600x504.jpeg 600w\" sizes=\"(max-width: 768px) 100vw, 768px\" \/>\r\n<figcaption class=\"wp-element-caption\">Jour de f\u00eate \u00e0 Sentenac d&#8217; Oust. Hst. 55x46cm<\/figcaption>\r\n<\/figure>\r\n\r\n<p>Comme dans le c\u00e9l\u00e9brissime film de Jacques Tati intitul\u00e9 \u2018Jour de f\u00eate\u2019, ce tableau de Lagorre repr\u00e9sente, au lendemain de la Seconde Guerre mondiale,\u00a0 un petit village rural de France qui se pr\u00e9pare \u00e0 sa f\u00eate annuelle. L\u2019\u00e9lectricit\u00e9 est dans la rue, figur\u00e9e ici comme dans le film de Tati, par un pyl\u00f4ne \u00e9lectrique en bois, \u00e0 droite, au premier plan.<\/p>\r\n\r\n<p>C\u2019est une vision tr\u00e8s color\u00e9e, m\u00ealant savamment couleurs chaudes et couleurs froides,\u00a0 que nous offre le peintre en repr\u00e9sentant ce jour de f\u00eate \u00e0 Sentenac d\u2019Oust, village du Haut Couserans que Lagorre se plaira\u00a0 \u00e0 peindre plusieurs fois en\u00a0 diff\u00e9rentes saisons, mais jamais d\u2019aussi pr\u00e8s, \u00e0 notre connaissance.<\/p>\r\n\r\n<p>Le point de vue adopt\u00e9 ici nous permet en effet de percevoir l\u2019int\u00e9gralit\u00e9 du c\u0153ur du village, du d\u00e9but de la rue principale vue en enfilade jusqu\u2019\u00e0 la place centrale avec, pour couronner la sc\u00e8ne, \u00e0 l\u2019arri\u00e8re plan , la cha\u00eene pyr\u00e9n\u00e9enne du Mont Valier dont le sommet, maintes fois repr\u00e9sent\u00e9, reste \u00e0 jamais identifiable par sa forme trap\u00e9zo\u00efdale.<\/p>\r\n\r\n<p>Le cadre situe avec pr\u00e9cision la r\u00e9alit\u00e9 de la sc\u00e8ne\u00a0:\u00a0 \u00e0 droite les vieilles maisons jouxtent le clocher-mur de l\u2019\u00e9glise Saint-Jacques reconstruite au XVIIIe si\u00e8cle par une communaut\u00e9 de pauvres et rudes montagnards frapp\u00e9s par la mis\u00e8re.<\/p>\r\n\r\n<p>A gauche une maison commer\u00e7ante aux volets verts avec, accroch\u00e9e sur sa fa\u00e7ade, la carotte du Tabac. Le cadre est fix\u00e9. La rue et la\u00a0 place centrale s\u2019animent sous nos yeux.<\/p>\r\n\r\n<p>Parents, jeunes gens et enfants, par\u00e9s de leurs plus beaux atours se prom\u00e8nent et bavardent sous les guirlandes de papier multicolore. C\u2019est un tableau vivant que nous offre le peintre\u00a0:\u00a0 visages, gestes, paroles nous montrent le dialogue qui se noue entre les villageois de tout \u00e2ge en ce jour de f\u00eate.\u00a0 Il n\u2019est jusqu\u2019\u00e0 la musique qui ne soit sugg\u00e9r\u00e9e par la ronde (une figure ch\u00e8re au peintre) que l\u2019on devine, form\u00e9e tout au bout de la rue par des danseurs, et vers laquelle se dirige tout droit\u00a0 le p\u00e8re et sa fillette qui tient un ballon rose \u00e0 main gauche.<\/p>\r\n\r\n<p>A la mani\u00e8re de jacques Tati et comme souvent, Lagorre m\u00eale dans ce tableau jeu th\u00e9\u00e2tral et r\u00e9alit\u00e9, pour notre plus grand plaisir, \u00e9veillant en nous des souvenirs d\u2019enfance&#8230;.<\/p>\r\n\r\n<p>D\u2019autres tableaux de Sentenac d\u2019Oust&#8230;<\/p>\r\n\r\n<p>\u00a0<\/p>\r\n\r\n<p>&nbsp;<\/p>\r\n\r\n<figure class=\"wp-block-gallery has-nested-images columns-default is-cropped wp-block-gallery-1 is-layout-flex\">\r\n<figure class=\"wp-block-image size-large\"><img decoding=\"async\" loading=\"lazy\" width=\"843\" height=\"1024\" data-id=\"471\"  class=\"wp-image-471\" src=\"https:\/\/rene-gaston-lagorre.fr\/wp-content\/uploads\/2023\/06\/8.Sentenac-dOust.-Hst.55x46cm.1942-843x1024.jpg\" alt=\"Sentenac d'Oust (Ari\u00e8ge)\" srcset=\"https:\/\/rene-gaston-lagorre.fr\/wp-content\/uploads\/2023\/06\/8.Sentenac-dOust.-Hst.55x46cm.1942-843x1024.jpg 843w, https:\/\/rene-gaston-lagorre.fr\/wp-content\/uploads\/2023\/06\/8.Sentenac-dOust.-Hst.55x46cm.1942-600x729.jpg 600w, https:\/\/rene-gaston-lagorre.fr\/wp-content\/uploads\/2023\/06\/8.Sentenac-dOust.-Hst.55x46cm.1942-247x300.jpg 247w, https:\/\/rene-gaston-lagorre.fr\/wp-content\/uploads\/2023\/06\/8.Sentenac-dOust.-Hst.55x46cm.1942-768x933.jpg 768w, https:\/\/rene-gaston-lagorre.fr\/wp-content\/uploads\/2023\/06\/8.Sentenac-dOust.-Hst.55x46cm.1942.jpg 1078w\" sizes=\"(max-width: 843px) 100vw, 843px\" \/>\r\n<figcaption class=\"wp-element-caption\">Sentenac d&#8217;Oust (Ari\u00e8ge) Hst. 55x46cm.1942. Collection particuli\u00e8re<\/figcaption>\r\n<\/figure>\r\n\r\n\r\n\r\n<figure class=\"wp-block-image size-large\"><img decoding=\"async\" loading=\"lazy\" width=\"832\" height=\"1024\" data-id=\"514\"  class=\"wp-image-514\" src=\"https:\/\/rene-gaston-lagorre.fr\/wp-content\/uploads\/2023\/07\/3.Sentenac-dOust.Ariege.Hst_.1942.-55x46cm-832x1024.jpg\" alt=\"Sentenac d'Oust (Ari\u00e8ge)\" srcset=\"https:\/\/rene-gaston-lagorre.fr\/wp-content\/uploads\/2023\/07\/3.Sentenac-dOust.Ariege.Hst_.1942.-55x46cm-832x1024.jpg 832w, https:\/\/rene-gaston-lagorre.fr\/wp-content\/uploads\/2023\/07\/3.Sentenac-dOust.Ariege.Hst_.1942.-55x46cm-600x739.jpg 600w, https:\/\/rene-gaston-lagorre.fr\/wp-content\/uploads\/2023\/07\/3.Sentenac-dOust.Ariege.Hst_.1942.-55x46cm-244x300.jpg 244w, https:\/\/rene-gaston-lagorre.fr\/wp-content\/uploads\/2023\/07\/3.Sentenac-dOust.Ariege.Hst_.1942.-55x46cm-768x946.jpg 768w, https:\/\/rene-gaston-lagorre.fr\/wp-content\/uploads\/2023\/07\/3.Sentenac-dOust.Ariege.Hst_.1942.-55x46cm.jpg 959w\" sizes=\"(max-width: 832px) 100vw, 832px\" \/>\r\n<figcaption class=\"wp-element-caption\">Sentenac d&#8217;Oust (Ari\u00e8ge). Hst.1942. 55x46cm. Collection particuli\u00e8re.<\/figcaption>\r\n<\/figure>\r\n\r\n\r\n\r\n<figure class=\"wp-block-image size-large\"><img decoding=\"async\" loading=\"lazy\" width=\"1024\" height=\"757\" data-id=\"554\"  class=\"wp-image-554\" src=\"https:\/\/rene-gaston-lagorre.fr\/wp-content\/uploads\/2023\/07\/44.Le-village-de-Sentenac-dOust.Gouache.-32x25cm.sd_-1024x757.jpg\" alt=\"Le village de Sentenac d'Oust\" srcset=\"https:\/\/rene-gaston-lagorre.fr\/wp-content\/uploads\/2023\/07\/44.Le-village-de-Sentenac-dOust.Gouache.-32x25cm.sd_-1024x757.jpg 1024w, https:\/\/rene-gaston-lagorre.fr\/wp-content\/uploads\/2023\/07\/44.Le-village-de-Sentenac-dOust.Gouache.-32x25cm.sd_-scaled-600x443.jpg 600w, https:\/\/rene-gaston-lagorre.fr\/wp-content\/uploads\/2023\/07\/44.Le-village-de-Sentenac-dOust.Gouache.-32x25cm.sd_-300x222.jpg 300w, https:\/\/rene-gaston-lagorre.fr\/wp-content\/uploads\/2023\/07\/44.Le-village-de-Sentenac-dOust.Gouache.-32x25cm.sd_-768x567.jpg 768w, https:\/\/rene-gaston-lagorre.fr\/wp-content\/uploads\/2023\/07\/44.Le-village-de-Sentenac-dOust.Gouache.-32x25cm.sd_-1536x1135.jpg 1536w\" sizes=\"(max-width: 1024px) 100vw, 1024px\" \/>\r\n<figcaption class=\"wp-element-caption\">Paysage montagnard. Le village de Sentenac d&#8217;Oust (Ari\u00e8ge).Gouache dur papier. 32x25cm. sd. Collection particuli\u00e8re<\/figcaption>\r\n<\/figure>\r\n<\/figure>\r\n\r\n<p>&nbsp;<\/p>\r\n<p>[\/vc_column_text][\/vc_column][\/vc_row]<\/p>","protected":false},"excerpt":{"rendered":"<p>[vc_row][vc_column][vc_column_text] Comme dans le c\u00e9l\u00e9brissime film de Jacques Tati intitul\u00e9 \u2018Jour de f\u00eate\u2019, ce tableau de Lagorre repr\u00e9sente, au lendemain de la Seconde Guerre mondiale,\u00a0 un petit village rural de France qui se pr\u00e9pare \u00e0 sa f\u00eate annuelle. L\u2019\u00e9lectricit\u00e9 est dans la rue, figur\u00e9e ici comme [&hellip;]<\/p>\n","protected":false},"author":1,"featured_media":0,"parent":1112,"menu_order":0,"comment_status":"closed","ping_status":"closed","template":"","meta":[],"_links":{"self":[{"href":"https:\/\/rene-gaston-lagorre.fr\/index.php\/wp-json\/wp\/v2\/pages\/15913"}],"collection":[{"href":"https:\/\/rene-gaston-lagorre.fr\/index.php\/wp-json\/wp\/v2\/pages"}],"about":[{"href":"https:\/\/rene-gaston-lagorre.fr\/index.php\/wp-json\/wp\/v2\/types\/page"}],"author":[{"embeddable":true,"href":"https:\/\/rene-gaston-lagorre.fr\/index.php\/wp-json\/wp\/v2\/users\/1"}],"replies":[{"embeddable":true,"href":"https:\/\/rene-gaston-lagorre.fr\/index.php\/wp-json\/wp\/v2\/comments?post=15913"}],"version-history":[{"count":7,"href":"https:\/\/rene-gaston-lagorre.fr\/index.php\/wp-json\/wp\/v2\/pages\/15913\/revisions"}],"predecessor-version":[{"id":15991,"href":"https:\/\/rene-gaston-lagorre.fr\/index.php\/wp-json\/wp\/v2\/pages\/15913\/revisions\/15991"}],"up":[{"embeddable":true,"href":"https:\/\/rene-gaston-lagorre.fr\/index.php\/wp-json\/wp\/v2\/pages\/1112"}],"wp:attachment":[{"href":"https:\/\/rene-gaston-lagorre.fr\/index.php\/wp-json\/wp\/v2\/media?parent=15913"}],"curies":[{"name":"wp","href":"https:\/\/api.w.org\/{rel}","templated":true}]}}

Jour de fête à Sentenac d’Oust

<p>[vc_row][vc_column][vc_column_text]</p>
<figure class="wp-block-image size-large is-resized"><img decoding="async" loading="lazy" class="wp-image-15909" src="http://rene-gaston-lagorre.fr/wp-content/uploads/2025/07/Lagorre-Sentenac-fete-1024x860.jpeg" alt="Jour de fête à Sentenac d' Oust. Hst." width="768" height="645" srcset="https://rene-gaston-lagorre.fr/wp-content/uploads/2025/07/Lagorre-Sentenac-fete-1024x860.jpeg 1024w, https://rene-gaston-lagorre.fr/wp-content/uploads/2025/07/Lagorre-Sentenac-fete-300x252.jpeg 300w, https://rene-gaston-lagorre.fr/wp-content/uploads/2025/07/Lagorre-Sentenac-fete-768x645.jpeg 768w, https://rene-gaston-lagorre.fr/wp-content/uploads/2025/07/Lagorre-Sentenac-fete-1536x1290.jpeg 1536w, https://rene-gaston-lagorre.fr/wp-content/uploads/2025/07/Lagorre-Sentenac-fete-1320x1109.jpeg 1320w, https://rene-gaston-lagorre.fr/wp-content/uploads/2025/07/Lagorre-Sentenac-fete-600x504.jpeg 600w" sizes="(max-width: 768px) 100vw, 768px" />
<figcaption class="wp-element-caption">Jour de fête à Sentenac d&#8217; Oust. Hst. 55x46cm</figcaption>
</figure>

<p>Comme dans le célébrissime film de Jacques Tati intitulé ‘Jour de fête’, ce tableau de Lagorre représente, au lendemain de la Seconde Guerre mondiale,  un petit village rural de France qui se prépare à sa fête annuelle. L’électricité est dans la rue, figurée ici comme dans le film de Tati, par un pylône électrique en bois, à droite, au premier plan.</p>

<p>C’est une vision très colorée, mêlant savamment couleurs chaudes et couleurs froides,  que nous offre le peintre en représentant ce jour de fête à Sentenac d’Oust, village du Haut Couserans que Lagorre se plaira  à peindre plusieurs fois en  différentes saisons, mais jamais d’aussi près, à notre connaissance.</p>

<p>Le point de vue adopté ici nous permet en effet de percevoir l’intégralité du cœur du village, du début de la rue principale vue en enfilade jusqu’à la place centrale avec, pour couronner la scène, à l’arrière plan , la chaîne pyrénéenne du Mont Valier dont le sommet, maintes fois représenté, reste à jamais identifiable par sa forme trapézoïdale.</p>

<p>Le cadre situe avec précision la réalité de la scène :  à droite les vieilles maisons jouxtent le clocher-mur de l’église Saint-Jacques reconstruite au XVIIIe siècle par une communauté de pauvres et rudes montagnards frappés par la misère.</p>

<p>A gauche une maison commerçante aux volets verts avec, accrochée sur sa façade, la carotte du Tabac. Le cadre est fixé. La rue et la  place centrale s’animent sous nos yeux.</p>

<p>Parents, jeunes gens et enfants, parés de leurs plus beaux atours se promènent et bavardent sous les guirlandes de papier multicolore. C’est un tableau vivant que nous offre le peintre :  visages, gestes, paroles nous montrent le dialogue qui se noue entre les villageois de tout âge en ce jour de fête.  Il n’est jusqu’à la musique qui ne soit suggérée par la ronde (une figure chère au peintre) que l’on devine, formée tout au bout de la rue par des danseurs, et vers laquelle se dirige tout droit  le père et sa fillette qui tient un ballon rose à main gauche.</p>

<p>A la manière de jacques Tati et comme souvent, Lagorre mêle dans ce tableau jeu théâtral et réalité, pour notre plus grand plaisir, éveillant en nous des souvenirs d’enfance&#8230;.</p>

<p>D’autres tableaux de Sentenac d’Oust&#8230;</p>

<p> </p>

<p>&nbsp;</p>

<figure class="wp-block-gallery has-nested-images columns-default is-cropped wp-block-gallery-1 is-layout-flex">
<figure class="wp-block-image size-large"><img decoding="async" loading="lazy" width="843" height="1024" data-id="471"  class="wp-image-471" src="https://rene-gaston-lagorre.fr/wp-content/uploads/2023/06/8.Sentenac-dOust.-Hst.55x46cm.1942-843x1024.jpg" alt="Sentenac d'Oust (Ariège)" srcset="https://rene-gaston-lagorre.fr/wp-content/uploads/2023/06/8.Sentenac-dOust.-Hst.55x46cm.1942-843x1024.jpg 843w, https://rene-gaston-lagorre.fr/wp-content/uploads/2023/06/8.Sentenac-dOust.-Hst.55x46cm.1942-600x729.jpg 600w, https://rene-gaston-lagorre.fr/wp-content/uploads/2023/06/8.Sentenac-dOust.-Hst.55x46cm.1942-247x300.jpg 247w, https://rene-gaston-lagorre.fr/wp-content/uploads/2023/06/8.Sentenac-dOust.-Hst.55x46cm.1942-768x933.jpg 768w, https://rene-gaston-lagorre.fr/wp-content/uploads/2023/06/8.Sentenac-dOust.-Hst.55x46cm.1942.jpg 1078w" sizes="(max-width: 843px) 100vw, 843px" />
<figcaption class="wp-element-caption">Sentenac d&#8217;Oust (Ariège) Hst. 55x46cm.1942. Collection particulière</figcaption>
</figure>



<figure class="wp-block-image size-large"><img decoding="async" loading="lazy" width="832" height="1024" data-id="514"  class="wp-image-514" src="https://rene-gaston-lagorre.fr/wp-content/uploads/2023/07/3.Sentenac-dOust.Ariege.Hst_.1942.-55x46cm-832x1024.jpg" alt="Sentenac d'Oust (Ariège)" srcset="https://rene-gaston-lagorre.fr/wp-content/uploads/2023/07/3.Sentenac-dOust.Ariege.Hst_.1942.-55x46cm-832x1024.jpg 832w, https://rene-gaston-lagorre.fr/wp-content/uploads/2023/07/3.Sentenac-dOust.Ariege.Hst_.1942.-55x46cm-600x739.jpg 600w, https://rene-gaston-lagorre.fr/wp-content/uploads/2023/07/3.Sentenac-dOust.Ariege.Hst_.1942.-55x46cm-244x300.jpg 244w, https://rene-gaston-lagorre.fr/wp-content/uploads/2023/07/3.Sentenac-dOust.Ariege.Hst_.1942.-55x46cm-768x946.jpg 768w, https://rene-gaston-lagorre.fr/wp-content/uploads/2023/07/3.Sentenac-dOust.Ariege.Hst_.1942.-55x46cm.jpg 959w" sizes="(max-width: 832px) 100vw, 832px" />
<figcaption class="wp-element-caption">Sentenac d&#8217;Oust (Ariège). Hst.1942. 55x46cm. Collection particulière.</figcaption>
</figure>



<figure class="wp-block-image size-large"><img decoding="async" loading="lazy" width="1024" height="757" data-id="554"  class="wp-image-554" src="https://rene-gaston-lagorre.fr/wp-content/uploads/2023/07/44.Le-village-de-Sentenac-dOust.Gouache.-32x25cm.sd_-1024x757.jpg" alt="Le village de Sentenac d'Oust" srcset="https://rene-gaston-lagorre.fr/wp-content/uploads/2023/07/44.Le-village-de-Sentenac-dOust.Gouache.-32x25cm.sd_-1024x757.jpg 1024w, https://rene-gaston-lagorre.fr/wp-content/uploads/2023/07/44.Le-village-de-Sentenac-dOust.Gouache.-32x25cm.sd_-scaled-600x443.jpg 600w, https://rene-gaston-lagorre.fr/wp-content/uploads/2023/07/44.Le-village-de-Sentenac-dOust.Gouache.-32x25cm.sd_-300x222.jpg 300w, https://rene-gaston-lagorre.fr/wp-content/uploads/2023/07/44.Le-village-de-Sentenac-dOust.Gouache.-32x25cm.sd_-768x567.jpg 768w, https://rene-gaston-lagorre.fr/wp-content/uploads/2023/07/44.Le-village-de-Sentenac-dOust.Gouache.-32x25cm.sd_-1536x1135.jpg 1536w" sizes="(max-width: 1024px) 100vw, 1024px" />
<figcaption class="wp-element-caption">Paysage montagnard. Le village de Sentenac d&#8217;Oust (Ariège).Gouache dur papier. 32x25cm. sd. Collection particulière</figcaption>
</figure>
</figure>

<p>&nbsp;</p>
<p>[/vc_column_text][/vc_column][/vc_row]</p>

<p>[vc_row][vc_column][vc_column_text] Comme dans le célébrissime film de Jacques Tati intitulé ‘Jour de fête’, ce tableau de Lagorre représente, au lendemain de la Seconde Guerre mondiale,  un petit village rural de France qui se prépare à sa fête annuelle. L’électricité est dans la rue, figurée ici comme [&hellip;]</p>
