{"id":15985,"date":"2025-11-08T15:53:01","date_gmt":"2025-11-08T14:53:01","guid":{"rendered":"https:\/\/rene-gaston-lagorre.fr\/?page_id=15985"},"modified":"2025-11-08T16:00:56","modified_gmt":"2025-11-08T15:00:56","slug":"jour-de-fete-a-sentenac-d-oust","status":"publish","type":"page","link":"https:\/\/rene-gaston-lagorre.fr\/index.php\/jour-de-fete-a-sentenac-d-oust\/","title":{"rendered":"Jour de f\u00eate \u00e0 Sentenac d\u2019Oust"},"content":{"rendered":"<p>[vc_row row_type=&#8221;parallax&#8221; parallax_background_image=&#8221;15909&#8243;][vc_column]<div class=\"edgt-elements-holder   edgt-one-column  edgt-responsive-mode-768 edgt-one-column-alignment-center\" ><div class=\"edgt-eh-item   edgt-horizontal-alignment-center \"  data-item-class=\"edgt-eh-custom-5688\">\n\t<div class=\"edgt-eh-item-inner\">\n\t\t<div class=\"edgt-eh-item-content edgt-eh-custom-5688\" style=\"padding: 11% 0%\">\n\t\t\t[vc_column_text]<\/p>\n<h6><span style=\"color: #ffffff;\">Lecture d&#8217;oeuvres<br \/>\n<\/span><\/h6>\n<p>[\/vc_column_text][vc_empty_space height=&#8221;8px&#8221;][vc_column_text]<\/p>\n<h1><span style=\"color: #ffffff;\">Jour de f\u00eate \u00e0 Sentenac d&#8217;Oust<\/span><\/h1>\n<p>[\/vc_column_text]\t\t<\/div>\n\t<\/div>\n<\/div><\/div>[\/vc_column][\/vc_row][vc_row row_content_width=&#8221;grid&#8221; css=&#8221;.vc_custom_1493283590395{padding-top: 100px !important;padding-bottom: 100px !important;}&#8221;][vc_column]<div class=\"edgt-process-holder process-text-left \">\n    <div class=\"edgt-process-inner\">\n                <div class=\"edgt-process-text-holder\">\n                            <span class=\"process-subtitle\"> Jour de f\u00eate \u00e0 Sentenac d&#039; Oust. Hst. 55x46cm<\/span>\n            \n                        <h2 class=\"edgt-process-title\">\n            JOUR DE FETE A SENTENAC D&#039;OUST        <\/h2>\n                        <p class=\"process-text\">Comme dans le c\u00e9l\u00e9brissime film de Jacques Tati intitul\u00e9 \u2018Jour de f\u00eate\u2019, ce tableau de Lagorre repr\u00e9sente, au lendemain de la Seconde Guerre mondiale, un petit village rural de France qui se pr\u00e9pare \u00e0 sa f\u00eate annuelle. L\u2019\u00e9lectricit\u00e9 est dans la rue, figur\u00e9e ici comme dans le film de Tati, par un pyl\u00f4ne \u00e9lectrique en bois, \u00e0 droite, au premier plan.&lt;\/p&gt;\n&lt;p&gt;C\u2019est une vision tr\u00e8s color\u00e9e, m\u00ealant savamment couleurs chaudes et couleurs froides, que nous offre le peintre en repr\u00e9sentant ce jour de f\u00eate \u00e0 Sentenac d\u2019Oust, village du Haut Couserans que Lagorre se plaira \u00e0 peindre plusieurs fois en diff\u00e9rentes saisons, mais jamais d\u2019aussi pr\u00e8s, \u00e0 notre connaissance.&lt;\/p&gt;\n&lt;p&gt;Le point de vue adopt\u00e9 ici nous permet en effet de percevoir l\u2019int\u00e9gralit\u00e9 du c\u0153ur du village, du d\u00e9but de la rue principale vue en enfilade jusqu\u2019\u00e0 la place centrale avec, pour couronner la sc\u00e8ne, \u00e0 l\u2019arri\u00e8re plan , la cha\u00eene pyr\u00e9n\u00e9enne du Mont Valier dont le sommet, maintes fois repr\u00e9sent\u00e9, reste \u00e0 jamais identifiable par sa forme trap\u00e9zo\u00efdale.&lt;\/p&gt;\n&lt;p&gt;Le cadre situe avec pr\u00e9cision la r\u00e9alit\u00e9 de la sc\u00e8ne : \u00e0 droite les vieilles maisons jouxtent le clocher-mur de l\u2019\u00e9glise Saint-Jacques reconstruite au XVIIIe si\u00e8cle par une communaut\u00e9 de pauvres et rudes montagnards frapp\u00e9s par la mis\u00e8re.&lt;\/p&gt;\n&lt;p&gt;A gauche une maison commer\u00e7ante aux volets verts avec, accroch\u00e9e sur sa fa\u00e7ade, la carotte du Tabac. Le cadre est fix\u00e9. La rue et la place centrale s\u2019animent sous nos yeux.&lt;\/p&gt;\n&lt;p&gt;Parents, jeunes gens et enfants, par\u00e9s de leurs plus beaux atours se prom\u00e8nent et bavardent sous les guirlandes de papier multicolore. C\u2019est un tableau vivant que nous offre le peintre : visages, gestes, paroles nous montrent le dialogue qui se noue entre les villageois de tout \u00e2ge en ce jour de f\u00eate. Il n\u2019est jusqu\u2019\u00e0 la musique qui ne soit sugg\u00e9r\u00e9e par la ronde (une figure ch\u00e8re au peintre) que l\u2019on devine, form\u00e9e tout au bout de la rue par des danseurs, et vers laquelle se dirige tout droit le p\u00e8re et sa fillette qui tient un ballon rose \u00e0 main gauche.&lt;\/p&gt;\n&lt;p&gt;A la mani\u00e8re de jacques Tati et comme souvent, Lagorre m\u00eale dans ce tableau jeu th\u00e9\u00e2tral et r\u00e9alit\u00e9, pour notre plus grand plaisir, \u00e9veillant en nous des souvenirs d\u2019enfance....&lt;\/p&gt;\n&lt;p&gt;D\u2019autres tableaux de Sentenac d\u2019Oust...<\/p>\n            <\/div>\n                <div class=\"edgt-process-image\">\n            <img width=\"2560\" height=\"2150\" src=\"https:\/\/rene-gaston-lagorre.fr\/wp-content\/uploads\/2025\/07\/Lagorre-Sentenac-fete-scaled.jpeg\" class=\"attachment-full size-full\" alt=\"Jour de f\u00eate \u00e0 Sentenac d&#039; Oust. Hst.\" decoding=\"async\" loading=\"lazy\" srcset=\"https:\/\/rene-gaston-lagorre.fr\/wp-content\/uploads\/2025\/07\/Lagorre-Sentenac-fete-scaled.jpeg 2560w, https:\/\/rene-gaston-lagorre.fr\/wp-content\/uploads\/2025\/07\/Lagorre-Sentenac-fete-300x252.jpeg 300w, https:\/\/rene-gaston-lagorre.fr\/wp-content\/uploads\/2025\/07\/Lagorre-Sentenac-fete-1024x860.jpeg 1024w, https:\/\/rene-gaston-lagorre.fr\/wp-content\/uploads\/2025\/07\/Lagorre-Sentenac-fete-768x645.jpeg 768w, https:\/\/rene-gaston-lagorre.fr\/wp-content\/uploads\/2025\/07\/Lagorre-Sentenac-fete-1536x1290.jpeg 1536w, https:\/\/rene-gaston-lagorre.fr\/wp-content\/uploads\/2025\/07\/Lagorre-Sentenac-fete-1320x1109.jpeg 1320w, https:\/\/rene-gaston-lagorre.fr\/wp-content\/uploads\/2025\/07\/Lagorre-Sentenac-fete-600x504.jpeg 600w\" sizes=\"(max-width: 2560px) 100vw, 2560px\" \/>        <\/div>\n        <\/div>\n<\/div>[\/vc_column][\/vc_row][vc_row][vc_column]<div class=\"edgt-separator-holder clearfix  edgt-separator-center edgt-separator-full-width\">\n\t<div class=\"edgt-separator\" style=\"border-color: #e9e9e9;border-style: solid;border-bottom-width: 1px;margin-top: 5px;margin-bottom: 5px\"><\/div>\n<\/div>\n[\/vc_column][\/vc_row][vc_row row_content_width=&#8221;grid&#8221; css=&#8221;.vc_custom_1493283573780{padding-top: 100px !important;padding-bottom: 100px !important;}&#8221;][vc_column]<div class=\"edgt-process-holder process-text-right \">\n    <div class=\"edgt-process-inner\">\n        \n                <\/div>\n<\/div>[\/vc_column][\/vc_row]<\/p>\n","protected":false},"excerpt":{"rendered":"<p>[vc_row row_type=&#8221;parallax&#8221; parallax_background_image=&#8221;15909&#8243;][vc_column][\/vc_column][\/vc_row][vc_row row_content_width=&#8221;grid&#8221; css=&#8221;.vc_custom_1493283590395{padding-top: 100px !important;padding-bottom: 100px !important;}&#8221;][vc_column][\/vc_column][\/vc_row][vc_row][vc_column][\/vc_column][\/vc_row][vc_row row_content_width=&#8221;grid&#8221; css=&#8221;.vc_custom_1493283573780{padding-top: 100px !important;padding-bottom: 100px !important;}&#8221;][vc_column][\/vc_column][\/vc_row]<\/p>\n","protected":false},"author":1,"featured_media":0,"parent":0,"menu_order":0,"comment_status":"closed","ping_status":"closed","template":"full-width.php","meta":[],"_links":{"self":[{"href":"https:\/\/rene-gaston-lagorre.fr\/index.php\/wp-json\/wp\/v2\/pages\/15985"}],"collection":[{"href":"https:\/\/rene-gaston-lagorre.fr\/index.php\/wp-json\/wp\/v2\/pages"}],"about":[{"href":"https:\/\/rene-gaston-lagorre.fr\/index.php\/wp-json\/wp\/v2\/types\/page"}],"author":[{"embeddable":true,"href":"https:\/\/rene-gaston-lagorre.fr\/index.php\/wp-json\/wp\/v2\/users\/1"}],"replies":[{"embeddable":true,"href":"https:\/\/rene-gaston-lagorre.fr\/index.php\/wp-json\/wp\/v2\/comments?post=15985"}],"version-history":[{"count":5,"href":"https:\/\/rene-gaston-lagorre.fr\/index.php\/wp-json\/wp\/v2\/pages\/15985\/revisions"}],"predecessor-version":[{"id":15990,"href":"https:\/\/rene-gaston-lagorre.fr\/index.php\/wp-json\/wp\/v2\/pages\/15985\/revisions\/15990"}],"wp:attachment":[{"href":"https:\/\/rene-gaston-lagorre.fr\/index.php\/wp-json\/wp\/v2\/media?parent=15985"}],"curies":[{"name":"wp","href":"https:\/\/api.w.org\/{rel}","templated":true}]}}