{"id":1707,"date":"2023-07-15T09:21:44","date_gmt":"2023-07-15T07:21:44","guid":{"rendered":"https:\/\/rene-gaston-lagorre.fr\/?page_id=1707"},"modified":"2023-08-26T11:54:44","modified_gmt":"2023-08-26T09:54:44","slug":"lunivers-du-cirque","status":"publish","type":"page","link":"https:\/\/rene-gaston-lagorre.fr\/index.php\/lunivers-du-cirque\/","title":{"rendered":"L&#8217;univers du cirque"},"content":{"rendered":"<p>[vc_row][vc_column][vc_column_text]Qui se souvient encore combien autrefois les yeux des enfants p\u00e9tillaient de joie quand arrivaient les roulottes du cirque pour, une fois l\u2019ann\u00e9e, faire halte au village\u00a0? Qui se souvient de leur \u00e9merveillement quand l\u2019apr\u00e8s-midi m\u00eame ils se faufilaient derri\u00e8re les caravanes pour voir les animaux, riant aux \u00e9clats en se bouchant le nez, et tenter d\u2019apercevoir les artistes se pr\u00e9parer pour la grande soir\u00e9e\u00a0?<\/p>\r\n\r\n<p>Parce qu\u2019il est l\u2019\u00e9vocation m\u00eame de cette joie \u00e9prouv\u00e9e par les enfants, parce qu\u2019il permet \u00e0 tout un chacun de retrouver un peu de cette part d\u2019enfance, parce qu\u2019il est un art visuel empreint d\u2019humour, de po\u00e9sie, un spectacle total qui met en sc\u00e8ne de tr\u00e8s nombreux artistes , clowns, jongleurs, acrobates, trap\u00e9zistes, parce qu\u2019il est un spectacle o\u00f9 l\u2019art \u00e9questre n\u2019est pas en reste permettant de mesurer l\u2019adresse de la voltige, le cirque est aussi un lieu d\u2019\u00e9motions fortes.<\/p>\r\n\r\n<p>De surcro\u00eet, \u2013 comme ce sera du reste, plus tard, le cas pour le Carnaval de Venise -, le cirque est un spectacle qui cherche \u00e0 \u00e9blouir. C\u2019est le monde des couleurs rutilantes, le monde des paillettes. Voil\u00e0 sans doute quelques unes des raisons qui contribuent \u00e0 s\u00e9duire Lagorre. Il peindra tous les artistes circassiens et parmi eux, de tr\u00e8s nombreux clowns. La figure du clown, inoffensive et bienveillante \u00e0 l\u2019origine, le plus souvent comique, peut pourtant devenir l\u2019incarnation d\u2019une figure \u00e9nigmatique, dramatique, au point que le visage sur la toile s\u2019impr\u00e8gne soudain d\u2019une inqui\u00e9tante \u00e9tranget\u00e9 et inspire la peur. Une anecdote personnelle me revient en m\u00e9moire. Un jour que j\u2019entrais dans la chambre de ma fille qui devait avoir alors une huitaine d\u2019ann\u00e9es, je vis \u00e0 ma grande surprise, pos\u00e9 \u00e0 l\u2019envers sur le mur de sa chambre, un tableau que lui avait offert le peintre . Ce tableau repr\u00e9sentait en grand format une t\u00eate de clown blanc. Ma fille m\u2019avoua en avoir peur depuis un bon moment d\u00e9j\u00e0, disant que cette t\u00eate l\u2019emp\u00eachait de dormir\u00a0et que c\u2019\u00e9tait l\u00e0 la raison pour laquelle elle avait tourn\u00e9 le clown la face contre le mur, \u00ab\u00a0<em>pour ne plus jamais le voir<\/em>\u00a0\u00bb disait-elle et surtout \u00ab\u00a0<em>pour qu\u2019il cesse de la d\u00e9visager\u00a0!<\/em>\u00a0\u00bb. Je contais l\u2019anecdote \u00e0 Ren\u00e9 qui s\u2019en amusa et nous revend\u00eemes le tableau\u00a0 \u00e0 un collectionneur .<\/p>\r\n\r\n<p>Dans son univers circassien le peintre nous offre des compositions \u00e9quilibr\u00e9es mais il joue souvent en arri\u00e8re-plan de la simplification g\u00e9om\u00e9trique , dissociant le contour qui cerne les personnages des aplats de couleur qui souvent servent de fond \u00e0 la toile.<\/p>\r\n<p>[\/vc_column_text][\/vc_column][\/vc_row][vc_row][vc_column][vc_empty_space]<div class=\"edgt-portfolio-list-holder edgt-pl-gallery edgt-pl-normal-space edgt-pl-three-columns edgt-pl-standard-overlay light    edgt-pl-pag-no-pagination     \"  data-type=gallery data-space-between-items=normal data-number-of-items=-1 data-image-proportions=full data-enable-fixed-proportions=no data-enable-image-shadow=no data-category=cirque data-order-by=date data-order=ASC data-item-style=standard-overlay data-item-style-skin=light data-enable-title=yes data-title-tag=h4 data-title-text-transform=uppercase data-enable-category=yes data-enable-like=no data-enable-count-images=yes data-enable-excerpt=no data-excerpt-length=20 data-pagination-type=no-pagination data-filter=no data-filter-order-by=name data-enable-article-parallax-animation=no data-portfolio-slider-on=no data-enable-loop=yes data-enable-autoplay=yes data-slider-speed=5000 data-slider-speed-animation=600 data-enable-navigation=yes data-enable-pagination=yes data-max-num-pages=0 data-next-page=2>\n\t\t\n\t<div class=\"edgt-pl-inner  clearfix\">\n\t\t\n<article class=\"edgt-pl-item  post-14491 portfolio-item type-portfolio-item status-publish has-post-thumbnail hentry portfolio-category-cirque\">\n\t<div class=\"edgt-pl-item-inner\" >\n\t\t<div class=\"edgt-pli-image\">\n\t\t\t<img width=\"1471\" height=\"1100\" src=\"https:\/\/rene-gaston-lagorre.fr\/wp-content\/uploads\/2023\/07\/26.Hst_.jpg\" class=\"attachment-full size-full wp-post-image\" alt=\"Le cirque. 1979\" decoding=\"async\" loading=\"lazy\" srcset=\"https:\/\/rene-gaston-lagorre.fr\/wp-content\/uploads\/2023\/07\/26.Hst_.jpg 1471w, https:\/\/rene-gaston-lagorre.fr\/wp-content\/uploads\/2023\/07\/26.Hst_-600x449.jpg 600w, https:\/\/rene-gaston-lagorre.fr\/wp-content\/uploads\/2023\/07\/26.Hst_-300x224.jpg 300w, https:\/\/rene-gaston-lagorre.fr\/wp-content\/uploads\/2023\/07\/26.Hst_-1024x766.jpg 1024w, https:\/\/rene-gaston-lagorre.fr\/wp-content\/uploads\/2023\/07\/26.Hst_-768x574.jpg 768w\" sizes=\"(max-width: 1471px) 100vw, 1471px\" \/>\t\t<\/div>\n<div class=\"edgt-pli-text-holder\">\n\t<div class=\"edgt-pli-text-wrapper\">\n\t\t<div class=\"edgt-pli-text\">\n\t\t\t\t<h4 itemprop=\"name\" class=\"edgt-pli-title entry-title\" style=\"text-transform: uppercase\">\n\t\tL&#8217;univers du cirque\t<\/h4>\n\n\t\t\t\t\t<div class=\"edgt-pli-category-holder\">\n\t\t\t\t\t\t\t<a itemprop=\"url\" class=\"edgt-pli-category\" href=\"https:\/\/rene-gaston-lagorre.fr\/index.php\/portfolio-category\/cirque\/\">\"Cirque\"<\/a>\n\t\t\t\t\t<\/div>\n\t\n\t\t\t    <div class=\"edgt-gli-number-of-images-holder\" >\n        <span>32 pics.<\/span>\n    <\/div>\n\n\n\t\t\t\t\t<\/div>\n\t<\/div>\n<\/div>\t\t\n\t\t<a itemprop=\"url\" class=\"edgt-pli-link edgt-block-drag-link\" href=\"https:\/\/rene-gaston-lagorre.fr\/index.php\/portfolio-item\/cirque\/\" target=\"_self\"><\/a>\n\t<\/div>\n<\/article>\t<\/div>\n\t\n\t<\/div>[vc_empty_space][\/vc_column][\/vc_row]<\/p>","protected":false},"excerpt":{"rendered":"<p>[vc_row][vc_column][vc_column_text]Qui se souvient encore combien autrefois les yeux des enfants p\u00e9tillaient de joie quand arrivaient les roulottes du cirque pour, une fois l\u2019ann\u00e9e, faire halte au village\u00a0? Qui se souvient de leur \u00e9merveillement quand l\u2019apr\u00e8s-midi m\u00eame ils se faufilaient derri\u00e8re les caravanes pour voir les animaux, [&hellip;]<\/p>\n","protected":false},"author":1,"featured_media":0,"parent":0,"menu_order":0,"comment_status":"closed","ping_status":"closed","template":"","meta":[],"_links":{"self":[{"href":"https:\/\/rene-gaston-lagorre.fr\/index.php\/wp-json\/wp\/v2\/pages\/1707"}],"collection":[{"href":"https:\/\/rene-gaston-lagorre.fr\/index.php\/wp-json\/wp\/v2\/pages"}],"about":[{"href":"https:\/\/rene-gaston-lagorre.fr\/index.php\/wp-json\/wp\/v2\/types\/page"}],"author":[{"embeddable":true,"href":"https:\/\/rene-gaston-lagorre.fr\/index.php\/wp-json\/wp\/v2\/users\/1"}],"replies":[{"embeddable":true,"href":"https:\/\/rene-gaston-lagorre.fr\/index.php\/wp-json\/wp\/v2\/comments?post=1707"}],"version-history":[{"count":6,"href":"https:\/\/rene-gaston-lagorre.fr\/index.php\/wp-json\/wp\/v2\/pages\/1707\/revisions"}],"predecessor-version":[{"id":14568,"href":"https:\/\/rene-gaston-lagorre.fr\/index.php\/wp-json\/wp\/v2\/pages\/1707\/revisions\/14568"}],"wp:attachment":[{"href":"https:\/\/rene-gaston-lagorre.fr\/index.php\/wp-json\/wp\/v2\/media?parent=1707"}],"curies":[{"name":"wp","href":"https:\/\/api.w.org\/{rel}","templated":true}]}}