{"id":1746,"date":"2023-07-15T11:08:24","date_gmt":"2023-07-15T09:08:24","guid":{"rendered":"https:\/\/rene-gaston-lagorre.fr\/?page_id=1746"},"modified":"2023-09-03T21:42:40","modified_gmt":"2023-09-03T19:42:40","slug":"les-montreurs-dours","status":"publish","type":"page","link":"https:\/\/rene-gaston-lagorre.fr\/index.php\/les-themes\/les-montreurs-dours\/","title":{"rendered":"Les montreurs d&#8217;ours"},"content":{"rendered":"<p>[vc_row][vc_column][vc_column_text]\u00ab\u00a0<em>Au XIX<\/em><sup><em>e<\/em><\/sup><em> si\u00e8cle, des paysans ari\u00e9geois d\u2019Erc\u00e9, de Cominac et autres lieux du Couserans haut perch\u00e9s et pauvres, s\u2019emparaient de jeunes ours au m\u00e9pris de leur vie, les \u00e9levaient, les dressaient jour apr\u00e8s jour, les faisaient travailler et, d\u00e8s que ceux-ci devenaient suffisamment coop\u00e9ratifs, ils entreprenaient avec eux de grands voyages fabriqu\u00e9s de repr\u00e9sentations sur les places des villages de France d\u2019abord, du Nouveau Monde ensuite&#8230;\u00a0Qui aurait os\u00e9 penser qu\u2019un jour, un artiste peintre de talent choisirait ces \u00ab\u00a0Montreurs d\u2019ours\u00a0\u00bb comme le th\u00e8me de l\u2019une de ses expositions\u00a0!&#8230;\u00bb<\/em><\/p>\r\n\r\n<p>&nbsp;<\/p>\r\n\r\n<p class=\"has-small-font-size\">L. Rivi\u00e8re in <strong>L\u2019Ari\u00e9geois,<\/strong> juillet-ao\u00fbt 1984<\/p>\r\n\r\n<p><em><strong>(\u00e0 propos des ours)<\/strong><\/em><\/p>\r\n\r\n<p>\u00ab\u00a0<em>Le peintre les a longuement \u00e9tudi\u00e9s dans les jardins zoologiques o\u00f9 ils vivent en semi libert\u00e9. Il nous les restitue, irr\u00e9prochables. Dans la position de quadrup\u00e8des au repos ou debout en exercice de danse, leurs lignes sont toujours r\u00e9guli\u00e8res et toujours exactes et leur morphologie sans reproche. Les paysans qui les accompagnent n\u2019y sont pas moins caract\u00e9ristiques dans leurs tenues comme dans leurs attitudes sous le grand b\u00e9ret noir des p\u00e2tres des Pyr\u00e9n\u00e9es&#8230;\u00a0<\/em>\u00bb<\/p>\r\n\r\n<p>&nbsp;<\/p>\r\n\r\n<p class=\"has-small-font-size\">L. Rivi\u00e8re in <strong>L\u2019Ari\u00e9geois<\/strong>, juillet-ao\u00fbt 1984<\/p>\r\n<p>[\/vc_column_text][\/vc_column][\/vc_row][vc_row][vc_column][vc_empty_space]<div class=\"edgt-portfolio-list-holder edgt-pl-gallery edgt-pl-normal-space edgt-pl-three-columns edgt-pl-standard-overlay light    edgt-pl-pag-no-pagination     \"  data-type=gallery data-space-between-items=normal data-number-of-items=-1 data-image-proportions=full data-enable-fixed-proportions=no data-enable-image-shadow=no data-category=montreurs-dours data-order-by=date data-order=ASC data-item-style=standard-overlay data-item-style-skin=light data-enable-title=yes data-title-tag=h4 data-title-text-transform=uppercase data-enable-category=yes data-enable-like=no data-enable-count-images=yes data-enable-excerpt=no data-excerpt-length=20 data-pagination-type=no-pagination data-filter=no data-filter-order-by=name data-enable-article-parallax-animation=no data-portfolio-slider-on=no data-enable-loop=yes data-enable-autoplay=yes data-slider-speed=5000 data-slider-speed-animation=600 data-enable-navigation=yes data-enable-pagination=yes data-max-num-pages=0 data-next-page=2>\n\t\t\n\t<div class=\"edgt-pl-inner  clearfix\">\n\t\t\n<article class=\"edgt-pl-item  post-14470 portfolio-item type-portfolio-item status-publish has-post-thumbnail hentry portfolio-category-montreurs-dours\">\n\t<div class=\"edgt-pl-item-inner\" >\n\t\t<div class=\"edgt-pli-image\">\n\t\t\t<img width=\"2560\" height=\"2077\" src=\"https:\/\/rene-gaston-lagorre.fr\/wp-content\/uploads\/2023\/07\/5.Montreurs-dours.-Cominac.HST-65x81cm-scaled.jpg\" class=\"attachment-full size-full wp-post-image\" alt=\"Montreurs d&#039;ours\" decoding=\"async\" loading=\"lazy\" srcset=\"https:\/\/rene-gaston-lagorre.fr\/wp-content\/uploads\/2023\/07\/5.Montreurs-dours.-Cominac.HST-65x81cm-scaled.jpg 2560w, https:\/\/rene-gaston-lagorre.fr\/wp-content\/uploads\/2023\/07\/5.Montreurs-dours.-Cominac.HST-65x81cm-scaled-600x487.jpg 600w, https:\/\/rene-gaston-lagorre.fr\/wp-content\/uploads\/2023\/07\/5.Montreurs-dours.-Cominac.HST-65x81cm-300x243.jpg 300w, https:\/\/rene-gaston-lagorre.fr\/wp-content\/uploads\/2023\/07\/5.Montreurs-dours.-Cominac.HST-65x81cm-1024x831.jpg 1024w, https:\/\/rene-gaston-lagorre.fr\/wp-content\/uploads\/2023\/07\/5.Montreurs-dours.-Cominac.HST-65x81cm-768x623.jpg 768w, https:\/\/rene-gaston-lagorre.fr\/wp-content\/uploads\/2023\/07\/5.Montreurs-dours.-Cominac.HST-65x81cm-1536x1246.jpg 1536w\" sizes=\"(max-width: 2560px) 100vw, 2560px\" \/>\t\t<\/div>\n<div class=\"edgt-pli-text-holder\">\n\t<div class=\"edgt-pli-text-wrapper\">\n\t\t<div class=\"edgt-pli-text\">\n\t\t\t\t<h4 itemprop=\"name\" class=\"edgt-pli-title entry-title\" style=\"text-transform: uppercase\">\n\t\tLes montreurs d&#8217;ours\t<\/h4>\n\n\t\t\t\t\t<div class=\"edgt-pli-category-holder\">\n\t\t\t\t\t\t\t<a itemprop=\"url\" class=\"edgt-pli-category\" href=\"https:\/\/rene-gaston-lagorre.fr\/index.php\/portfolio-category\/montreurs-dours\/\">\"Montreurs d&#039;ours\"<\/a>\n\t\t\t\t\t<\/div>\n\t\n\t\t\t    <div class=\"edgt-gli-number-of-images-holder\" >\n        <span>23 pics.<\/span>\n    <\/div>\n\n\n\t\t\t\t\t<\/div>\n\t<\/div>\n<\/div>\t\t\n\t\t<a itemprop=\"url\" class=\"edgt-pli-link edgt-block-drag-link\" href=\"https:\/\/rene-gaston-lagorre.fr\/index.php\/portfolio-item\/les-montreurs-dours\/\" target=\"_self\"><\/a>\n\t<\/div>\n<\/article>\t<\/div>\n\t\n\t<\/div>[vc_empty_space][\/vc_column][\/vc_row]<\/p>","protected":false},"excerpt":{"rendered":"<p>[vc_row][vc_column][vc_column_text]\u00ab\u00a0Au XIXe si\u00e8cle, des paysans ari\u00e9geois d\u2019Erc\u00e9, de Cominac et autres lieux du Couserans haut perch\u00e9s et pauvres, s\u2019emparaient de jeunes ours au m\u00e9pris de leur vie, les \u00e9levaient, les dressaient jour apr\u00e8s jour, les faisaient travailler et, d\u00e8s que ceux-ci devenaient suffisamment coop\u00e9ratifs, ils entreprenaient [&hellip;]<\/p>\n","protected":false},"author":1,"featured_media":0,"parent":14310,"menu_order":0,"comment_status":"closed","ping_status":"closed","template":"","meta":[],"_links":{"self":[{"href":"https:\/\/rene-gaston-lagorre.fr\/index.php\/wp-json\/wp\/v2\/pages\/1746"}],"collection":[{"href":"https:\/\/rene-gaston-lagorre.fr\/index.php\/wp-json\/wp\/v2\/pages"}],"about":[{"href":"https:\/\/rene-gaston-lagorre.fr\/index.php\/wp-json\/wp\/v2\/types\/page"}],"author":[{"embeddable":true,"href":"https:\/\/rene-gaston-lagorre.fr\/index.php\/wp-json\/wp\/v2\/users\/1"}],"replies":[{"embeddable":true,"href":"https:\/\/rene-gaston-lagorre.fr\/index.php\/wp-json\/wp\/v2\/comments?post=1746"}],"version-history":[{"count":4,"href":"https:\/\/rene-gaston-lagorre.fr\/index.php\/wp-json\/wp\/v2\/pages\/1746\/revisions"}],"predecessor-version":[{"id":14557,"href":"https:\/\/rene-gaston-lagorre.fr\/index.php\/wp-json\/wp\/v2\/pages\/1746\/revisions\/14557"}],"up":[{"embeddable":true,"href":"https:\/\/rene-gaston-lagorre.fr\/index.php\/wp-json\/wp\/v2\/pages\/14310"}],"wp:attachment":[{"href":"https:\/\/rene-gaston-lagorre.fr\/index.php\/wp-json\/wp\/v2\/media?parent=1746"}],"curies":[{"name":"wp","href":"https:\/\/api.w.org\/{rel}","templated":true}]}}